CRAN Package Check Results for Package DR.SC

Last updated on 2022-12-09 22:55:50 CET.

Flavor Version Tinstall Tcheck Ttotal Status Flags
r-devel-linux-x86_64-debian-clang 3.0 150.91 295.14 446.05 OK
r-devel-linux-x86_64-debian-gcc 3.0 117.91 221.27 339.18 OK
r-devel-linux-x86_64-fedora-clang 3.0 609.52 OK
r-devel-linux-x86_64-fedora-gcc 3.0 600.41 OK
r-devel-windows-x86_64 3.0 129.00 340.00 469.00 OK
r-patched-linux-x86_64 3.0 131.25 274.73 405.98 OK
r-release-linux-x86_64 3.0 129.75 278.98 408.73 OK
r-release-macos-arm64 3.0 158.00 NOTE
r-release-macos-x86_64 3.0 182.00 NOTE
r-release-windows-x86_64 3.0 121.00 336.00 457.00 OK
r-oldrel-macos-arm64 3.0 133.00 NOTE
r-oldrel-macos-x86_64 3.0 180.00 NOTE
r-oldrel-windows-ix86+x86_64 3.0 365.00 419.00 784.00 OK

Check Details

Version: 3.0
Check: installed package size
Result: NOTE
     installed size is 10.1Mb
     sub-directories of 1Mb or more:
     data 1.6Mb
     libs 8.2Mb
Flavors: r-release-macos-arm64, r-release-macos-x86_64, r-oldrel-macos-arm64, r-oldrel-macos-x86_64