CRAN Package Check Results for Package DSMolgenisArmadillo

Last updated on 2021-12-08 22:57:34 CET.

Flavor Version Tinstall Tcheck Ttotal Status Flags
r-devel-linux-x86_64-debian-clang 1.4.0 4.62 53.20 57.82 NOTE
r-devel-linux-x86_64-debian-gcc 1.4.0 3.15 41.91 45.06 NOTE
r-devel-linux-x86_64-fedora-clang 1.4.0 72.31 NOTE
r-devel-linux-x86_64-fedora-gcc 1.4.0 89.22 NOTE
r-devel-windows-x86_64-new-UL 1.4.0 18.00 93.00 111.00 NOTE
r-devel-windows-x86_64-new-TK 1.4.0 NOTE
r-devel-windows-x86_64-old 1.4.0 9.00 71.00 80.00 NOTE
r-patched-linux-x86_64 1.4.0 8.54 51.35 59.89 NOTE
r-release-linux-x86_64 1.4.0 4.48 51.68 56.16 NOTE
r-release-macos-arm64 1.4.0 NOTE
r-release-macos-x86_64 1.4.0 NOTE
r-release-windows-ix86+x86_64 1.4.0 9.00 70.00 79.00 NOTE
r-oldrel-macos-x86_64 1.4.0 NOTE
r-oldrel-windows-ix86+x86_64 1.4.0 12.00 71.00 83.00 NOTE

Check Details

Version: 1.4.0
Check: package dependencies
Result: NOTE
    Package suggested but not available for checking: 'dsBaseClient'
Flavors: r-devel-linux-x86_64-debian-clang, r-devel-linux-x86_64-debian-gcc, r-devel-linux-x86_64-fedora-clang, r-devel-linux-x86_64-fedora-gcc, r-devel-windows-x86_64-new-UL, r-devel-windows-x86_64-new-TK, r-devel-windows-x86_64-old, r-patched-linux-x86_64, r-release-linux-x86_64, r-release-macos-arm64, r-release-macos-x86_64, r-release-windows-ix86+x86_64, r-oldrel-macos-x86_64, r-oldrel-windows-ix86+x86_64