Last updated on 2024-03-27 22:57:43 CET.
Flavor | Version | Tinstall | Tcheck | Ttotal | Status | Flags |
---|---|---|---|---|---|---|
r-devel-linux-x86_64-debian-clang | 1.8.2 | 95.25 | 150.93 | 246.18 | OK | |
r-devel-linux-x86_64-debian-gcc | 1.8.2 | 74.00 | 111.88 | 185.88 | OK | |
r-devel-linux-x86_64-fedora-clang | 1.8.2 | 331.18 | OK | |||
r-devel-linux-x86_64-fedora-gcc | 1.8.2 | 366.96 | OK | |||
r-devel-windows-x86_64 | 1.8.2 | 75.00 | 137.00 | 212.00 | OK | |
r-patched-linux-x86_64 | 1.8.2 | 94.21 | 141.32 | 235.53 | OK | |
r-release-linux-x86_64 | 1.8.2 | 91.41 | 141.23 | 232.64 | OK | |
r-release-macos-arm64 | 1.8.2 | 73.00 | NOTE | |||
r-release-macos-x86_64 | 1.8.2 | 170.00 | NOTE | |||
r-release-windows-x86_64 | 1.8.2 | 98.00 | 172.00 | 270.00 | OK | |
r-oldrel-macos-arm64 | 1.8.2 | 82.00 | NOTE | |||
r-oldrel-windows-x86_64 | 1.8.2 | 95.00 | 168.00 | 263.00 | OK |
Version: 1.8.2
Check: installed package size
Result: NOTE
installed size is 8.2Mb
sub-directories of 1Mb or more:
data 2.8Mb
libs 5.1Mb
Flavors: r-release-macos-arm64, r-release-macos-x86_64, r-oldrel-macos-arm64