CRAN Package Check Results for Package DTAT

Last updated on 2019-09-17 22:48:06 CEST.

Flavor Version Tinstall Tcheck Ttotal Status Flags
r-devel-linux-x86_64-debian-clang 0.3-3 12.18 99.64 111.82 OK
r-devel-linux-x86_64-debian-gcc 0.3-3 10.45 77.12 87.57 OK
r-devel-linux-x86_64-fedora-clang 0.3-3 134.89 OK
r-devel-linux-x86_64-fedora-gcc 0.3-3 131.31 OK
r-devel-windows-ix86+x86_64 0.3-3 44.00 172.00 216.00 OK
r-patched-linux-x86_64 0.3-3 11.38 97.07 108.45 OK
r-patched-solaris-x86 0.3-3 193.70 WARN
r-release-linux-x86_64 0.3-3 10.79 96.41 107.20 OK
r-release-windows-ix86+x86_64 0.3-3 25.00 108.00 133.00 OK
r-release-osx-x86_64 0.3-3 WARN
r-oldrel-windows-ix86+x86_64 0.3-3 24.00 157.00 181.00 OK
r-oldrel-osx-x86_64 0.3-3 WARN

Check Details

Version: 0.3-3
Check: re-building of vignette outputs
Result: WARN
    Error(s) in re-building vignettes:
     ...
    --- re-building ‘Designing-33PC.Rmd’ using rmarkdown
    Warning in engine$weave(file, quiet = quiet, encoding = enc) :
     Pandoc (>= 1.12.3) and/or pandoc-citeproc not available. Falling back to R Markdown v1.
    Quitting from lines 163-164 (Designing-33PC.Rmd)
    Error: processing vignette 'Designing-33PC.Rmd' failed with diagnostics:
    there is no package called 'webshot'
    --- failed re-building ‘Designing-33PC.Rmd’
    
    SUMMARY: processing the following file failed:
     ‘Designing-33PC.Rmd’
    
    Error: Vignette re-building failed.
    Execution halted
Flavor: r-patched-solaris-x86

Version: 0.3-3
Check: re-building of vignette outputs
Result: WARN
    Error(s) in re-building vignettes:
     ...
    --- re-building ‘Designing-33PC.Rmd’ using rmarkdown
    Warning in engine$weave(file, quiet = quiet, encoding = enc) :
     Pandoc (>= 1.12.3) and/or pandoc-citeproc not available. Falling back to R Markdown v1.
    Quitting from lines 163-164 (Designing-33PC.Rmd)
    Error: processing vignette 'Designing-33PC.Rmd' failed with diagnostics:
    cannot open the connection
    --- failed re-building ‘Designing-33PC.Rmd’
    
    SUMMARY: processing the following file failed:
     ‘Designing-33PC.Rmd’
    
    Error: Vignette re-building failed.
    Execution halted
Flavor: r-release-osx-x86_64

Version: 0.3-3
Check: re-building of vignette outputs
Result: WARN
    Error in re-building vignettes:
     ...
    Warning in engine$weave(file, quiet = quiet, encoding = enc) :
     Pandoc (>= 1.12.3) and/or pandoc-citeproc not available. Falling back to R Markdown v1.
    Quitting from lines 163-164 (Designing-33PC.Rmd)
    Error: processing vignette 'Designing-33PC.Rmd' failed with diagnostics:
    cannot open the connection
    Execution halted
Flavor: r-oldrel-osx-x86_64