CRAN Package Check Results for Package DTDA.cif

Last updated on 2021-10-22 22:56:29 CEST.

Flavor Version Tinstall Tcheck Ttotal Status Flags
r-devel-linux-x86_64-debian-clang 1.0.2 21.54 37.23 58.77 NOTE
r-devel-linux-x86_64-debian-gcc 1.0.2 14.51 28.40 42.91 NOTE
r-devel-linux-x86_64-fedora-clang 1.0.2 87.31 NOTE
r-devel-linux-x86_64-fedora-gcc 1.0.2 70.84 NOTE
r-devel-windows-x86_64 1.0.2 29.00 55.00 84.00 NOTE
r-devel-windows-x86_64-gcc10-UCRT 1.0.2 NOTE
r-patched-linux-x86_64 1.0.2 16.68 35.93 52.61 NOTE
r-patched-solaris-x86 1.0.2 86.10 NOTE
r-release-linux-x86_64 1.0.2 17.12 35.90 53.02 NOTE
r-release-macos-arm64 1.0.2 NOTE
r-release-macos-x86_64 1.0.2 NOTE
r-release-windows-ix86+x86_64 1.0.2 30.00 89.00 119.00 NOTE
r-oldrel-macos-x86_64 1.0.2 OK
r-oldrel-windows-ix86+x86_64 1.0.2 48.00 86.00 134.00 OK

Check Details

Version: 1.0.2
Check: LazyData
Result: NOTE
     'LazyData' is specified without a 'data' directory
Flavors: r-devel-linux-x86_64-debian-clang, r-devel-linux-x86_64-debian-gcc, r-devel-linux-x86_64-fedora-clang, r-devel-linux-x86_64-fedora-gcc, r-devel-windows-x86_64, r-devel-windows-x86_64-gcc10-UCRT, r-patched-linux-x86_64, r-patched-solaris-x86, r-release-linux-x86_64, r-release-macos-arm64, r-release-macos-x86_64, r-release-windows-ix86+x86_64