Last updated on 2024-04-18 22:52:38 CEST.
Flavor | Version | Tinstall | Tcheck | Ttotal | Status | Flags |
---|---|---|---|---|---|---|
r-devel-linux-x86_64-debian-clang | 1.1.0 | 37.10 | 48.37 | 85.47 | OK | |
r-devel-linux-x86_64-debian-gcc | 1.1.0 | 31.02 | 37.68 | 68.70 | OK | |
r-devel-linux-x86_64-fedora-clang | 1.1.0 | 115.96 | OK | |||
r-devel-linux-x86_64-fedora-gcc | 1.1.0 | 122.79 | OK | |||
r-prerel-macos-arm64 | 1.1.0 | 37.00 | NOTE | |||
r-prerel-windows-x86_64 | 1.1.0 | 30.00 | 71.00 | 101.00 | OK | |
r-patched-linux-x86_64 | 1.1.0 | 35.15 | 49.31 | 84.46 | OK | |
r-release-linux-x86_64 | 1.1.0 | 41.71 | 50.69 | 92.40 | OK | |
r-release-macos-arm64 | 1.1.0 | 39.00 | NOTE | |||
r-release-macos-x86_64 | 1.1.0 | 99.00 | NOTE | |||
r-release-windows-x86_64 | 1.1.0 | 38.00 | 87.00 | 125.00 | OK | |
r-oldrel-macos-arm64 | 1.1.0 | 41.00 | NOTE | |||
r-oldrel-windows-x86_64 | 1.1.0 | 34.00 | 85.00 | 119.00 | OK |
Version: 1.1.0
Check: installed package size
Result: NOTE
installed size is 13.2Mb
sub-directories of 1Mb or more:
libs 13.1Mb
Flavors: r-prerel-macos-arm64, r-release-macos-arm64, r-release-macos-x86_64, r-oldrel-macos-arm64