CRAN Package Check Results for Package DTWBI

Last updated on 2021-05-06 22:55:17 CEST.

Flavor Version Tinstall Tcheck Ttotal Status Flags
r-devel-linux-x86_64-debian-clang 1.1 3.38 34.03 37.41 OK
r-devel-linux-x86_64-debian-gcc 1.1 2.22 25.57 27.79 OK
r-devel-linux-x86_64-fedora-clang 1.1 54.42 OK
r-devel-linux-x86_64-fedora-gcc 1.1 42.89 OK
r-devel-windows-ix86+x86_64 1.1 5.00 48.00 53.00 OK
r-devel-windows-x86_64-gcc10-UCRT 1.1 OK
r-patched-linux-x86_64 1.1 3.55 32.45 36.00 OK
r-patched-solaris-x86 1.1 63.90 OK
r-release-linux-x86_64 1.1 2.91 31.74 34.65 OK
r-release-macos-x86_64 1.1 OK
r-release-windows-ix86+x86_64 1.1 5.00 38.00 43.00 OK
r-oldrel-macos-x86_64 1.1 OK
r-oldrel-windows-ix86+x86_64 1.1 6.00 4.00 10.00 ERROR

Check Details

Version: 1.1
Check: whether package can be installed
Result: ERROR
    Installation failed.
Flavor: r-oldrel-windows-ix86+x86_64