CRAN Package Check Results for Package DTWUMI

Last updated on 2021-05-06 22:55:17 CEST.

Flavor Version Tinstall Tcheck Ttotal Status Flags
r-devel-linux-x86_64-debian-clang 1.0 2.99 43.36 46.35 OK
r-devel-linux-x86_64-debian-gcc 1.0 2.53 32.14 34.67 OK
r-devel-linux-x86_64-fedora-clang 1.0 65.35 OK
r-devel-linux-x86_64-fedora-gcc 1.0 53.77 OK
r-devel-windows-ix86+x86_64 1.0 6.00 57.00 63.00 OK
r-devel-windows-x86_64-gcc10-UCRT 1.0 OK
r-patched-linux-x86_64 1.0 3.57 41.42 44.99 OK
r-patched-solaris-x86 1.0 75.80 OK
r-release-linux-x86_64 1.0 3.15 40.45 43.60 OK
r-release-macos-x86_64 1.0 OK
r-release-windows-ix86+x86_64 1.0 6.00 46.00 52.00 OK
r-oldrel-macos-x86_64 1.0 OK
r-oldrel-windows-ix86+x86_64 1.0 5.00 5.00 10.00 ERROR

Check Details

Version: 1.0
Check: whether package can be installed
Result: ERROR
    Installation failed.
Flavor: r-oldrel-windows-ix86+x86_64