CRAN Package Check Results for Package DatAssim

Last updated on 2021-07-31 22:53:26 CEST.

Flavor Version Tinstall Tcheck Ttotal Status Flags
r-devel-linux-x86_64-debian-clang 1.0 33.29 25.83 59.12 NOTE
r-devel-linux-x86_64-debian-gcc 1.0 21.76 20.59 42.35 NOTE
r-devel-linux-x86_64-fedora-clang 1.0 92.01 NOTE
r-devel-linux-x86_64-fedora-gcc 1.0 72.86 NOTE
r-devel-windows-x86_64 1.0 29.00 48.00 77.00 NOTE
r-devel-windows-x86_64-gcc10-UCRT 1.0 NOTE
r-patched-linux-x86_64 1.0 NOTE
r-patched-solaris-x86 1.0 84.50 NOTE
r-release-linux-x86_64 1.0 26.04 24.73 50.77 NOTE
r-release-macos-arm64 1.0 NOTE
r-release-macos-x86_64 1.0 NOTE
r-release-windows-ix86+x86_64 1.0 75.00 54.00 129.00 NOTE
r-oldrel-macos-x86_64 1.0 OK
r-oldrel-windows-ix86+x86_64 1.0 53.00 69.00 122.00 OK

Check Details

Version: 1.0
Check: LazyData
Result: NOTE
     'LazyData' is specified without a 'data' directory
Flavors: r-devel-linux-x86_64-debian-clang, r-devel-linux-x86_64-debian-gcc, r-devel-linux-x86_64-fedora-clang, r-devel-linux-x86_64-fedora-gcc, r-devel-windows-x86_64, r-devel-windows-x86_64-gcc10-UCRT, r-patched-linux-x86_64, r-patched-solaris-x86, r-release-linux-x86_64, r-release-macos-arm64, r-release-macos-x86_64, r-release-windows-ix86+x86_64