CRAN Package Check Results for Package DataFakeR

Last updated on 2023-10-01 23:03:42 CEST.

Flavor Version Tinstall Tcheck Ttotal Status Flags
r-devel-linux-x86_64-debian-clang 0.1.3 5.72 63.06 68.78 OK
r-devel-linux-x86_64-debian-gcc 0.1.3 4.12 47.58 51.70 OK
r-devel-linux-x86_64-fedora-clang 0.1.3 94.62 NOTE
r-devel-linux-x86_64-fedora-gcc 0.1.3 99.30 NOTE
r-devel-windows-x86_64 0.1.3 7.00 75.00 82.00 OK
r-patched-linux-x86_64 0.1.3 4.53 59.72 64.25 OK
r-release-linux-x86_64 0.1.3 6.41 60.00 66.41 OK
r-release-macos-arm64 0.1.3 42.00 OK
r-release-macos-x86_64 0.1.3 57.00 OK
r-release-windows-x86_64 0.1.3 9.00 81.00 90.00 OK
r-oldrel-macos-arm64 0.1.3 33.00 OK
r-oldrel-macos-x86_64 0.1.3 42.00 OK
r-oldrel-windows-x86_64 0.1.3 8.00 81.00 89.00 OK

Check Details

Version: 0.1.3
Check: dependencies in R code
Result: NOTE
    Namespace in Imports field not imported from: ‘R6’
     All declared Imports should be used.
Flavors: r-devel-linux-x86_64-fedora-clang, r-devel-linux-x86_64-fedora-gcc