Last updated on 2023-03-23 22:52:29 CET.
Flavor | Version | Tinstall | Tcheck | Ttotal | Status | Flags |
---|---|---|---|---|---|---|
r-devel-linux-x86_64-debian-clang | 0.7.6 | 7.73 | 51.07 | 58.80 | OK | |
r-devel-linux-x86_64-debian-gcc | 0.7.6 | 5.79 | 39.01 | 44.80 | OK | |
r-devel-linux-x86_64-fedora-clang | 0.7.6 | 73.88 | OK | |||
r-devel-linux-x86_64-fedora-gcc | 0.7.6 | 80.46 | OK | |||
r-devel-windows-x86_64 | 0.7.6 | 25.00 | 93.00 | 118.00 | OK | |
r-patched-linux-x86_64 | 0.7.6 | 6.57 | 47.30 | 53.87 | OK | |
r-release-linux-x86_64 | 0.7.6 | 6.94 | 47.82 | 54.76 | OK | |
r-release-macos-arm64 | 0.7.6 | 28.00 | OK | |||
r-release-macos-x86_64 | 0.7.6 | 36.00 | OK | |||
r-release-windows-x86_64 | 0.7.6 | 24.00 | 85.00 | 109.00 | OK | |
r-oldrel-macos-arm64 | 0.7.6 | 28.00 | OK | |||
r-oldrel-macos-x86_64 | 0.7.6 | 41.00 | OK | |||
r-oldrel-windows-ix86+x86_64 | 0.7.6 | 14.00 | 83.00 | 97.00 | NOTE |
Version: 0.7.6
Check: R code for possible problems
Result: NOTE
Initiating curl with CURL_SSL_BACKEND: openssl
Flavor: r-oldrel-windows-ix86+x86_64