CRAN Package Check Results for Package DataVisualizations

Last updated on 2020-02-24 22:50:21 CET.

Flavor Version Tinstall Tcheck Ttotal Status Flags
r-devel-linux-x86_64-debian-clang 1.1.11 45.98 418.54 464.52 OK
r-devel-linux-x86_64-debian-gcc 1.1.11 32.77 327.25 360.02 OK
r-devel-linux-x86_64-fedora-clang 1.1.11 576.93 OK
r-devel-linux-x86_64-fedora-gcc 1.1.11 523.41 OK
r-devel-windows-ix86+x86_64 1.1.11 77.00 353.00 430.00 OK
r-devel-windows-ix86+x86_64-gcc8 1.1.11 110.00 427.00 537.00 NOTE
r-patched-linux-x86_64 1.1.11 40.71 366.12 406.83 OK
r-patched-solaris-x86 1.1.11 796.90 OK
r-release-linux-x86_64 1.1.11 34.01 375.74 409.75 OK
r-release-windows-ix86+x86_64 1.1.11 81.00 344.00 425.00 OK
r-release-osx-x86_64 1.1.11 NOTE
r-oldrel-windows-ix86+x86_64 1.1.11 81.00 341.00 422.00 WARN
r-oldrel-osx-x86_64 1.1.11 NOTE

Check Details

Version: 1.1.11
Check: installed package size
Result: NOTE
     installed size is 5.2Mb
     sub-directories of 1Mb or more:
     doc 1.8Mb
     libs 2.1Mb
Flavor: r-devel-windows-ix86+x86_64-gcc8

Version: 1.1.11
Check: dependencies in R code
Result: NOTE
    No protocol specified
Flavors: r-release-osx-x86_64, r-oldrel-osx-x86_64

Version: 1.1.11
Check: whether package can be installed
Result: WARN
    Found the following significant warnings:
     Warning: S3 methods '[.fun_list', '[.grouped_df', 'all.equal.tbl_df', 'anti_join.data.frame', 'anti_join.tbl_df', 'arrange.data.frame', 'arrange.default', 'arrange.grouped_df', 'arrange.tbl_df', 'arrange_.data.frame', 'arrange_.tbl_df', 'as.data.frame.grouped_df', 'as.data.frame.rowwise_df', 'as.data.frame.tbl_cube', 'as.table.tbl_cube', 'as.tbl.data.frame', 'as.tbl.tbl', 'as.tbl_cube.array', 'as.tbl_cube.data.frame', 'as.tbl_cube.matrix', 'as.tbl_cube.table', 'as_tibble.grouped_df', 'as_tibble.tbl_cube', 'auto_copy.tbl_cube', 'auto_copy.tbl_df', 'cbind.grouped_df', 'collapse.data.frame', 'collect.data.frame', 'common_by.NULL', 'common_by.character', 'common_by.default', 'common_by.list', 'compute.data.frame', 'copy_to.DBIConnection', 'copy_to.src_local', 'default_missing.data.frame', 'default_missing.default', 'dim.tbl_cube', 'distinct.data.frame', 'distinct.default', 'distinct.grouped_df', 'distinct.tbl_df', 'distinct_.data.frame', 'distinct_.grouped_df', 'distinct_.tbl_df', 'do.NULL', 'do.da [... truncated]
Flavor: r-oldrel-windows-ix86+x86_64