Last updated on 2024-04-24 23:00:18 CEST.
Flavor | Version | Tinstall | Tcheck | Ttotal | Status | Flags |
---|---|---|---|---|---|---|
r-devel-linux-x86_64-debian-clang | 1.9.7 | 10.92 | 60.51 | 71.43 | OK | |
r-devel-linux-x86_64-debian-gcc | 1.9.7 | 10.60 | 44.83 | 55.43 | OK | |
r-devel-linux-x86_64-fedora-clang | 1.9.7 | 94.75 | NOTE | |||
r-devel-linux-x86_64-fedora-gcc | 1.9.7 | 88.88 | NOTE | |||
r-devel-windows-x86_64 | 1.9.7 | 12.00 | 65.00 | 77.00 | OK | |
r-patched-linux-x86_64 | 1.9.7 | 13.26 | 55.88 | 69.14 | OK | |
r-release-linux-x86_64 | 1.9.7 | 12.36 | 57.66 | 70.02 | OK | |
r-release-macos-arm64 | 1.9.7 | 34.00 | OK | |||
r-release-windows-x86_64 | 1.9.7 | 12.00 | 62.00 | 74.00 | OK | |
r-oldrel-macos-arm64 | 1.9.7 | 33.00 | OK | |||
r-oldrel-macos-x86_64 | 1.9.7 | 68.00 | OK | |||
r-oldrel-windows-x86_64 | 1.9.7 | 18.00 | 71.00 | 89.00 | OK |
Version: 1.9.7
Check: data for non-ASCII characters
Result: NOTE
Note: found 8 marked Latin-1 strings
Flavors: r-devel-linux-x86_64-fedora-clang, r-devel-linux-x86_64-fedora-gcc