Last updated on 2024-04-18 22:52:37 CEST.
Flavor | Version | Tinstall | Tcheck | Ttotal | Status | Flags |
---|---|---|---|---|---|---|
r-devel-linux-x86_64-debian-clang | 1.0.6 | 16.12 | 153.02 | 169.14 | OK | |
r-devel-linux-x86_64-debian-gcc | 1.0.6 | 11.88 | 115.94 | 127.82 | OK | |
r-devel-linux-x86_64-fedora-clang | 1.0.6 | 209.87 | OK | |||
r-devel-linux-x86_64-fedora-gcc | 1.0.6 | 200.82 | OK | |||
r-prerel-macos-arm64 | 1.0.6 | 66.00 | OK | |||
r-prerel-windows-x86_64 | 1.0.6 | 14.00 | 149.00 | 163.00 | OK | |
r-patched-linux-x86_64 | 1.0.6 | 18.07 | 146.83 | 164.90 | OK | |
r-release-linux-x86_64 | 1.0.6 | 11.77 | 146.05 | 157.82 | OK | |
r-release-macos-arm64 | 1.0.6 | 67.00 | OK | |||
r-release-macos-x86_64 | 1.0.6 | 130.00 | NOTE | |||
r-release-windows-x86_64 | 1.0.6 | 16.00 | 169.00 | 185.00 | OK | |
r-oldrel-macos-arm64 | 1.0.6 | 57.00 | OK | |||
r-oldrel-windows-x86_64 | 1.0.6 | 17.00 | 166.00 | 183.00 | OK |
Version: 1.0.6
Check: package dependencies
Result: NOTE
Packages suggested but not available for checking: 'EMD', 'astrochron'
Flavor: r-release-macos-x86_64