CRAN Package Check Results for Package Deducer

Last updated on 2021-05-17 22:56:21 CEST.

Flavor Version Tinstall Tcheck Ttotal Status Flags
r-devel-linux-x86_64-debian-clang 0.7-9 22.27 179.18 201.45 WARN
r-devel-linux-x86_64-debian-gcc 0.7-9 18.70 132.53 151.23 OK
r-devel-linux-x86_64-fedora-clang 0.7-9 229.24 OK
r-devel-linux-x86_64-fedora-gcc 0.7-9 209.62 OK
r-devel-windows-ix86+x86_64 0.7-9 53.00 193.00 246.00 OK
r-devel-windows-x86_64-gcc10-UCRT 0.7-9 OK
r-patched-linux-x86_64 0.7-9 28.42 170.85 199.27 OK
r-patched-solaris-x86 0.7-9 306.50 NOTE
r-release-linux-x86_64 0.7-9 20.48 163.99 184.47 OK
r-release-macos-x86_64 0.7-9 OK
r-release-windows-ix86+x86_64 0.7-9 33.00 145.00 178.00 OK
r-oldrel-macos-x86_64 0.7-9 OK
r-oldrel-windows-ix86+x86_64 0.7-9 42.00 172.00 214.00 OK

Check Details

Version: 0.7-9
Check: for code/documentation mismatches
Result: WARN
    Inconsistency detected by ld.so: dl-open.c: 881: _dl_open: Assertion `_dl_debug_initialize (0, args.nsid)->r_state == RT_CONSISTENT' failed!
Flavor: r-devel-linux-x86_64-debian-clang

Version: 0.7-9
Check: package dependencies
Result: NOTE
    Package suggested but not available for checking: ‘XLConnect’
Flavor: r-patched-solaris-x86