CRAN Package Check Results for Package DeducerText

Last updated on 2021-06-19 22:56:25 CEST.

Flavor Version Tinstall Tcheck Ttotal Status Flags
r-devel-linux-x86_64-debian-clang 0.1-2 18.83 153.22 172.05 NOTE
r-devel-linux-x86_64-debian-gcc 0.1-2 15.08 113.40 128.48 NOTE
r-devel-linux-x86_64-fedora-clang 0.1-2 184.08 NOTE
r-devel-linux-x86_64-fedora-gcc 0.1-2 172.07 NOTE
r-devel-windows-x86_64 0.1-2 26.00 120.00 146.00 NOTE
r-devel-windows-x86_64-gcc10-UCRT 0.1-2 NOTE
r-patched-linux-x86_64 0.1-2 17.17 141.96 159.13 NOTE
r-patched-solaris-x86 0.1-2 263.40 NOTE
r-release-linux-x86_64 0.1-2 17.85 143.99 161.84 NOTE
r-release-macos-arm64 0.1-2 ERROR
r-release-macos-x86_64 0.1-2 NOTE
r-release-windows-ix86+x86_64 0.1-2 41.00 162.00 203.00 NOTE
r-oldrel-macos-x86_64 0.1-2 NOTE
r-oldrel-windows-ix86+x86_64 0.1-2 31.00 167.00 198.00 NOTE

Check Details

Version: 0.1-2
Check: DESCRIPTION meta-information
Result: NOTE
    Malformed Description field: should contain one or more complete sentences.
Flavors: r-devel-linux-x86_64-debian-clang, r-devel-linux-x86_64-debian-gcc, r-devel-linux-x86_64-fedora-clang, r-devel-linux-x86_64-fedora-gcc, r-devel-windows-x86_64, r-devel-windows-x86_64-gcc10-UCRT, r-patched-linux-x86_64, r-patched-solaris-x86, r-release-linux-x86_64, r-release-macos-x86_64, r-release-windows-ix86+x86_64, r-oldrel-macos-x86_64, r-oldrel-windows-ix86+x86_64

Version: 0.1-2
Check: R code for possible problems
Result: NOTE
    .makeQuickWordcloud: no visible global function definition for 'J'
    .makeQuickWordcloud: no visible global function definition for 'new'
    .makeQuickWordcloud: no visible global function definition for '.jnull'
    .makeTextPlot: no visible global function definition for 'J'
    .makeTextPlot: no visible global function definition for 'new'
    .makeTextPlot: no visible global function definition for '.jnull'
    .onLoad: no visible global function definition for '.jpackage'
    .onLoad: no visible global function definition for '.jnew'
    .onLoad: no visible global function definition for 'J'
    make.color.scale: no visible global function definition for 'rgb'
    Undefined global functions or variables:
     .jnew .jnull .jpackage J new rgb
    Consider adding
     importFrom("grDevices", "rgb")
     importFrom("methods", "new")
    to your NAMESPACE file (and ensure that your DESCRIPTION Imports field
    contains 'methods').
Flavors: r-devel-linux-x86_64-debian-clang, r-devel-linux-x86_64-debian-gcc, r-devel-linux-x86_64-fedora-clang, r-devel-linux-x86_64-fedora-gcc, r-devel-windows-x86_64, r-devel-windows-x86_64-gcc10-UCRT, r-patched-linux-x86_64, r-patched-solaris-x86, r-release-linux-x86_64, r-release-macos-x86_64, r-release-windows-ix86+x86_64, r-oldrel-macos-x86_64, r-oldrel-windows-ix86+x86_64

Version: 0.1-2
Check: whether package can be installed
Result: ERROR
    Installation failed.
Flavor: r-release-macos-arm64