CRAN Package Check Results for Package DemografixeR

Last updated on 2021-12-04 22:59:31 CET.

Flavor Version Tinstall Tcheck Ttotal Status Flags
r-devel-linux-x86_64-debian-clang 0.1.1 2.12 33.58 35.70 NOTE
r-devel-linux-x86_64-debian-gcc 0.1.1 1.63 26.99 28.62 NOTE
r-devel-linux-x86_64-fedora-clang 0.1.1 47.60 NOTE
r-devel-linux-x86_64-fedora-gcc 0.1.1 36.15 NOTE
r-devel-windows-x86_64-new-UL 0.1.1 7.00 66.00 73.00 NOTE
r-devel-windows-x86_64-new-TK 0.1.1 NOTE
r-devel-windows-x86_64-old 0.1.1 4.00 38.00 42.00 NOTE
r-patched-linux-x86_64 0.1.1 1.91 24.75 26.66 NOTE
r-release-linux-x86_64 0.1.1 2.25 24.50 26.75 NOTE
r-release-macos-arm64 0.1.1 NOTE
r-release-macos-x86_64 0.1.1 NOTE
r-release-windows-ix86+x86_64 0.1.1 6.00 48.00 54.00 NOTE
r-oldrel-macos-x86_64 0.1.1 OK
r-oldrel-windows-ix86+x86_64 0.1.1 5.00 45.00 50.00 OK

Check Details

Version: 0.1.1
Check: LazyData
Result: NOTE
     'LazyData' is specified without a 'data' directory
Flavors: r-devel-linux-x86_64-debian-clang, r-devel-linux-x86_64-debian-gcc, r-devel-linux-x86_64-fedora-clang, r-devel-linux-x86_64-fedora-gcc, r-devel-windows-x86_64-new-UL, r-devel-windows-x86_64-new-TK, r-devel-windows-x86_64-old, r-patched-linux-x86_64, r-release-linux-x86_64, r-release-macos-arm64, r-release-macos-x86_64, r-release-windows-ix86+x86_64