CRAN Package Check Results for Package DepthProc

Last updated on 2022-11-30 21:53:47 CET.

Flavor Version Tinstall Tcheck Ttotal Status Flags
r-devel-linux-x86_64-debian-clang 2.1.5 189.21 197.86 387.07 OK
r-devel-linux-x86_64-debian-gcc 2.1.5 135.39 138.24 273.63 OK
r-devel-linux-x86_64-fedora-clang 2.1.5 557.69 OK
r-devel-linux-x86_64-fedora-gcc 2.1.5 500.57 OK
r-devel-windows-x86_64 2.1.5 202.00 240.00 442.00 OK
r-patched-linux-x86_64 2.1.5 150.50 174.43 324.93 OK
r-release-linux-x86_64 2.1.5 136.88 176.37 313.25 OK
r-release-macos-arm64 2.1.5 109.00 NOTE
r-release-macos-x86_64 2.1.5 207.00 OK
r-release-windows-x86_64 2.1.5 207.00 236.00 443.00 OK
r-oldrel-macos-arm64 2.1.5 98.00 NOTE
r-oldrel-macos-x86_64 2.1.5 144.00 OK
r-oldrel-windows-ix86+x86_64 2.1.5 437.00 310.00 747.00 OK

Check Details

Version: 2.1.5
Check: installed package size
Result: NOTE
     installed size is 5.1Mb
     sub-directories of 1Mb or more:
     libs 4.1Mb
Flavors: r-release-macos-arm64, r-oldrel-macos-arm64