CRAN Package Check Results for Package DescTools

Last updated on 2019-09-22 22:46:45 CEST.

Flavor Version Tinstall Tcheck Ttotal Status Flags
r-devel-linux-x86_64-debian-clang 0.99.28 77.04 342.67 419.71 NOTE
r-devel-linux-x86_64-debian-gcc 0.99.28 59.40 261.91 321.31 NOTE
r-devel-linux-x86_64-fedora-clang 0.99.28 513.19 NOTE
r-devel-linux-x86_64-fedora-gcc 0.99.28 504.96 NOTE
r-devel-windows-ix86+x86_64 0.99.28 177.00 582.00 759.00 NOTE
r-patched-linux-x86_64 0.99.28 65.60 341.04 406.64 NOTE
r-patched-solaris-x86 0.99.28 466.30 NOTE
r-release-linux-x86_64 0.99.28 69.69 344.96 414.65 NOTE
r-release-windows-ix86+x86_64 0.99.28 181.00 604.00 785.00 NOTE
r-release-osx-x86_64 0.99.28 NOTE
r-oldrel-windows-ix86+x86_64 0.99.28 125.00 311.00 436.00 NOTE
r-oldrel-osx-x86_64 0.99.28 NOTE

Check Details

Version: 0.99.28
Check: package dependencies
Result: NOTE
    Package suggested but not available for checking: 'RDCOMClient'
Flavors: r-devel-linux-x86_64-debian-clang, r-devel-linux-x86_64-debian-gcc, r-devel-linux-x86_64-fedora-clang, r-devel-linux-x86_64-fedora-gcc, r-devel-windows-ix86+x86_64, r-patched-linux-x86_64, r-patched-solaris-x86, r-release-linux-x86_64, r-release-windows-ix86+x86_64, r-release-osx-x86_64, r-oldrel-windows-ix86+x86_64, r-oldrel-osx-x86_64

Version: 0.99.28
Check: installed package size
Result: NOTE
     installed size is 6.8Mb
     sub-directories of 1Mb or more:
     R 1.5Mb
     doc 1.6Mb
     help 1.4Mb
     libs 1.7Mb
Flavors: r-devel-linux-x86_64-fedora-clang, r-devel-windows-ix86+x86_64, r-patched-solaris-x86, r-release-windows-ix86+x86_64, r-release-osx-x86_64, r-oldrel-windows-ix86+x86_64, r-oldrel-osx-x86_64