CRAN Package Check Results for Package DescTools

Last updated on 2020-02-21 22:51:04 CET.

Flavor Version Tinstall Tcheck Ttotal Status Flags
r-devel-linux-x86_64-debian-clang 0.99.32 93.19 367.15 460.34 ERROR
r-devel-linux-x86_64-debian-gcc 0.99.32 68.37 290.05 358.42 NOTE
r-devel-linux-x86_64-fedora-clang 0.99.32 576.23 NOTE
r-devel-linux-x86_64-fedora-gcc 0.99.32 559.39 NOTE
r-devel-windows-ix86+x86_64 0.99.32 141.00 457.00 598.00 NOTE
r-devel-windows-ix86+x86_64-gcc8 0.99.32 210.00 620.00 830.00 NOTE
r-patched-linux-x86_64 0.99.32 NOTE
r-patched-solaris-x86 0.99.32 483.10 NOTE
r-release-linux-x86_64 0.99.32 69.65 354.83 424.48 NOTE
r-release-windows-ix86+x86_64 0.99.32 146.00 502.00 648.00 NOTE
r-release-osx-x86_64 0.99.32 NOTE
r-oldrel-windows-ix86+x86_64 0.99.31 185.00 334.00 519.00 NOTE
r-oldrel-osx-x86_64 0.99.32 ERROR

Check Details

Version: 0.99.32
Check: package dependencies
Result: NOTE
    Package suggested but not available for checking: 'RDCOMClient'
Flavors: r-devel-linux-x86_64-debian-clang, r-devel-linux-x86_64-debian-gcc, r-devel-linux-x86_64-fedora-clang, r-devel-linux-x86_64-fedora-gcc, r-devel-windows-ix86+x86_64, r-devel-windows-ix86+x86_64-gcc8, r-patched-linux-x86_64, r-patched-solaris-x86, r-release-linux-x86_64, r-release-windows-ix86+x86_64, r-release-osx-x86_64, r-oldrel-osx-x86_64

Version: 0.99.32
Check: examples
Result: ERROR
    Running examples in 'DescTools-Ex.R' failed
    The error most likely occurred in:
    
    > base::assign(".ptime", proc.time(), pos = "CheckExEnv")
    > ### Name: NemenyiTest
    > ### Title: Nemenyi Test
    > ### Aliases: NemenyiTest NemenyiTest.default NemenyiTest.formula
    > ### Keywords: htest
    >
    > ### ** Examples
    >
    > ## Hollander & Wolfe (1973), 116.
    > ## Mucociliary efficiency from the rate of removal of dust in normal
    > ## subjects, subjects with obstructive airway disease, and subjects
    > ## with asbestosis.
    > x <- c(2.9, 3.0, 2.5, 2.6, 3.2) # normal subjects
    > y <- c(3.8, 2.7, 4.0, 2.4) # with obstructive airway disease
    > z <- c(2.8, 3.4, 3.7, 2.2, 2.0) # with asbestosis
    >
    > NemenyiTest(list(x, y, z))
    
     Nemenyi's test of multiple comparisons for independent samples (tukey)
    
     mean.rank.diff pval
    2-1 1.8 0.7972
    3-1 -0.6 0.9720
    3-2 -2.4 0.6686
    ---
    Signif. codes: 0 '***' 0.001 '**' 0.01 '*' 0.05 '.' 0.1 ' ' 1
    
    >
    > ## Equivalently,
    > x <- c(x, y, z)
    > g <- factor(rep(1:3, c(5, 4, 5)),
    + labels = c("Normal subjects",
    + "Subjects with obstructive airway disease",
    + "Subjects with asbestosis"))
    >
    > NemenyiTest(x, g)
    
     Nemenyi's test of multiple comparisons for independent samples (tukey)
    
     mean.rank.diff
    Subjects with obstructive airway disease-Normal subjects 1.8
    Subjects with asbestosis-Normal subjects -0.6
    Subjects with asbestosis-Subjects with obstructive airway disease -2.4
     pval
    Subjects with obstructive airway disease-Normal subjects 0.7972
    Subjects with asbestosis-Normal subjects 0.9720
    Subjects with asbestosis-Subjects with obstructive airway disease 0.6686
    ---
    Signif. codes: 0 '***' 0.001 '**' 0.01 '*' 0.05 '.' 0.1 ' ' 1
    
    >
    > ## Formula interface.
    > boxplot(Ozone ~ Month, data = airquality)
    > NemenyiTest(Ozone ~ Month, data = airquality)
    
     Nemenyi's test of multiple comparisons for independent samples (tukey)
    
     mean.rank.diff pval
    6-5 12.02991453 0.88737
    7-5 41.21153846 0.000097 ***
    8-5 38.53846154 0.00035 ***
    9-5 11.99734748 0.67819
    7-6 29.18162393 0.16373
    8-6 26.50854701 0.24773
    9-6 -0.03256705 1.00000
    8-7 -2.67307692 0.99853
    9-7 -29.21419098 0.01136 *
    9-8 -26.54111406 0.02867 *
    ---
    Signif. codes: 0 '***' 0.001 '**' 0.01 '*' 0.05 '.' 0.1 ' ' 1
    
    >
    > # Hedderich & Sachs, 2012, p. 555
    > d.frm <- data.frame(x=c(28,30,33,35,38,41, 36,39,40,43,45,50, 44,45,47,49,53,54),
    + g=c(rep(LETTERS[1:3], each=6)))
    >
    > NemenyiTest(x~g, d.frm)
    Error in NemenyiTest.default(c(28, 30, 33, 35, 38, 41, 36, 39, 40, 43, :
     all group levels must be finite
    Calls: NemenyiTest ... DoCall -> eval -> eval -> <Anonymous> -> NemenyiTest.default
    Execution halted
Flavor: r-devel-linux-x86_64-debian-clang

Version: 0.99.32
Check: installed package size
Result: NOTE
     installed size is 8.2Mb
     sub-directories of 1Mb or more:
     R 1.5Mb
     doc 1.8Mb
     help 1.4Mb
     libs 3.0Mb
Flavors: r-devel-linux-x86_64-fedora-clang, r-devel-windows-ix86+x86_64, r-devel-windows-ix86+x86_64-gcc8, r-patched-solaris-x86, r-release-windows-ix86+x86_64, r-release-osx-x86_64

Version: 0.99.32
Check: dependencies in R code
Result: NOTE
    No protocol specified
    No protocol specified
Flavor: r-release-osx-x86_64

Version: 0.99.31
Check: package dependencies
Result: NOTE
    Package suggested but not available for checking: 'RDCOMClient'
Flavor: r-oldrel-windows-ix86+x86_64

Version: 0.99.31
Check: installed package size
Result: NOTE
     installed size is 7.0Mb
     sub-directories of 1Mb or more:
     R 1.5Mb
     doc 1.8Mb
     help 1.4Mb
     libs 1.9Mb
Flavor: r-oldrel-windows-ix86+x86_64

Version: 0.99.31
Check: R code for possible problems
Result: NOTE
    ToXL.array: no visible global function definition for 'asplit'
    Undefined global functions or variables:
     asplit
Flavor: r-oldrel-windows-ix86+x86_64

Version: 0.99.32
Check: whether package can be installed
Result: ERROR
    Installation failed.
Flavor: r-oldrel-osx-x86_64