CRAN Package Check Results for Package DesignLibrary

Last updated on 2024-06-13 22:49:24 CEST.

Flavor Version Tinstall Tcheck Ttotal Status Flags
r-devel-linux-x86_64-debian-clang 0.1.10 4.07 129.65 133.72 OK
r-devel-linux-x86_64-debian-gcc 0.1.10 4.79 72.33 77.12 ERROR
r-devel-linux-x86_64-fedora-clang 0.1.10 164.96 OK
r-devel-linux-x86_64-fedora-gcc 0.1.10 173.43 OK
r-devel-windows-x86_64 0.1.10 9.00 110.00 119.00 OK
r-patched-linux-x86_64 0.1.10 5.61 124.92 130.53 OK
r-release-linux-x86_64 0.1.10 6.53 126.54 133.07 OK
r-release-macos-arm64 0.1.10 52.00 OK
r-release-macos-x86_64 0.1.10 87.00 OK
r-release-windows-x86_64 0.1.10 9.00 108.00 117.00 OK
r-oldrel-macos-arm64 0.1.10 52.00 OK
r-oldrel-macos-x86_64 0.1.10 96.00 OK
r-oldrel-windows-x86_64 0.1.10 12.00 135.00 147.00 OK

Check Details

Version: 0.1.10
Check: package dependencies
Result: NOTE Package suggested but not available for checking: ‘testthat’ Flavor: r-devel-linux-x86_64-debian-gcc

Version: 0.1.10
Check: tests
Result: ERROR Running ‘testthat.R’ [0s/0s] Running the tests in ‘tests/testthat.R’ failed. Complete output: > library(testthat) Error in library(testthat) : there is no package called 'testthat' Execution halted Flavor: r-devel-linux-x86_64-debian-gcc