CRAN Package Check Results for Package DetR

Last updated on 2021-08-03 22:53:18 CEST.

Flavor Version Tinstall Tcheck Ttotal Status Flags
r-devel-linux-x86_64-debian-clang 0.0.5 55.14 39.32 94.46 OK
r-devel-linux-x86_64-debian-gcc 0.0.5 40.15 32.74 72.89 OK
r-devel-linux-x86_64-fedora-clang 0.0.5 139.86 NOTE
r-devel-linux-x86_64-fedora-gcc 0.0.5 122.61 OK
r-devel-windows-x86_64 0.0.5 50.00 65.00 115.00 OK
r-devel-windows-x86_64-gcc10-UCRT 0.0.5 OK
r-patched-linux-x86_64 0.0.5 49.64 40.79 90.43 OK
r-patched-solaris-x86 0.0.5 119.00 OK
r-release-linux-x86_64 0.0.5 50.64 40.98 91.62 OK
r-release-macos-arm64 0.0.5 NOTE
r-release-macos-x86_64 0.0.5 NOTE
r-release-windows-ix86+x86_64 0.0.5 113.00 65.00 178.00 OK
r-oldrel-macos-x86_64 0.0.5 NOTE
r-oldrel-windows-ix86+x86_64 0.0.5 78.00 85.00 163.00 OK

Check Details

Version: 0.0.5
Check: installed package size
Result: NOTE
     installed size is 18.3Mb
     sub-directories of 1Mb or more:
     libs 17.5Mb
Flavors: r-devel-linux-x86_64-fedora-clang, r-release-macos-arm64, r-release-macos-x86_64, r-oldrel-macos-x86_64