Last updated on 2023-09-26 23:04:10 CEST.
Flavor | Version | Tinstall | Tcheck | Ttotal | Status | Flags |
---|---|---|---|---|---|---|
r-devel-linux-x86_64-debian-clang | 0.0.5 | 53.07 | 39.79 | 92.86 | NOTE | |
r-devel-linux-x86_64-debian-gcc | 0.0.5 | 42.17 | 33.69 | 75.86 | NOTE | |
r-devel-linux-x86_64-fedora-clang | 0.0.5 | 125.08 | NOTE | |||
r-devel-linux-x86_64-fedora-gcc | 0.0.5 | 137.53 | NOTE | |||
r-devel-windows-x86_64 | 0.0.5 | 42.00 | 74.00 | 116.00 | NOTE | |
r-patched-linux-x86_64 | 0.0.5 | 54.42 | 42.22 | 96.64 | NOTE | |
r-release-linux-x86_64 | 0.0.5 | 54.69 | 42.92 | 97.61 | NOTE | |
r-release-macos-arm64 | 0.0.5 | 42.00 | NOTE | |||
r-release-macos-x86_64 | 0.0.5 | 66.00 | NOTE | |||
r-release-windows-x86_64 | 0.0.5 | 50.00 | 82.00 | 132.00 | NOTE | |
r-oldrel-macos-arm64 | 0.0.5 | 42.00 | NOTE | |||
r-oldrel-macos-x86_64 | 0.0.5 | 51.00 | NOTE | |||
r-oldrel-windows-x86_64 | 0.0.5 | 50.00 | 78.00 | 128.00 | OK |
Version: 0.0.5
Check: C++ specification
Result: NOTE
Specified C++11: please drop specification unless essential
Flavors: r-devel-linux-x86_64-debian-clang, r-devel-linux-x86_64-debian-gcc, r-devel-linux-x86_64-fedora-clang, r-devel-linux-x86_64-fedora-gcc, r-devel-windows-x86_64, r-patched-linux-x86_64, r-release-linux-x86_64, r-release-macos-arm64, r-release-macos-x86_64, r-release-windows-x86_64
Version: 0.0.5
Check: installed package size
Result: NOTE
installed size is 19.6Mb
sub-directories of 1Mb or more:
libs 18.8Mb
Flavors: r-release-macos-arm64, r-release-macos-x86_64, r-oldrel-macos-arm64, r-oldrel-macos-x86_64