CRAN Package Check Results for Package DiPALM

Last updated on 2021-07-31 22:53:27 CEST.

Flavor Version Tinstall Tcheck Ttotal Status Flags
r-devel-linux-x86_64-debian-clang 1.1 24.83 239.82 264.65 OK
r-devel-linux-x86_64-debian-gcc 1.1 22.14 179.67 201.81 OK
r-devel-linux-x86_64-fedora-clang 1.1 338.68 OK
r-devel-linux-x86_64-fedora-gcc 1.1 310.15 OK
r-devel-windows-x86_64 1.1 54.00 260.00 314.00 OK
r-devel-windows-x86_64-gcc10-UCRT 1.1 OK
r-patched-linux-x86_64 1.1 OK
r-patched-solaris-x86 1.1 445.60 OK
r-release-linux-x86_64 1.1 25.60 226.28 251.88 OK
r-release-macos-arm64 1.1 ERROR
r-release-macos-x86_64 1.1 ERROR
r-release-windows-ix86+x86_64 1.1 62.00 185.00 247.00 OK
r-oldrel-macos-x86_64 1.1 OK
r-oldrel-windows-ix86+x86_64 1.1 41.00 224.00 265.00 OK

Check Details

Version: 1.1
Check: package dependencies
Result: ERROR
    Package required but not available: ‘WGCNA’
    
    Package suggested but not available for checking: ‘edgeR’
    
    See section ‘The DESCRIPTION file’ in the ‘Writing R Extensions’
    manual.
Flavor: r-release-macos-arm64

Version: 1.1
Check: package dependencies
Result: ERROR
    Package required but not available: ‘WGCNA’
    
    See section ‘The DESCRIPTION file’ in the ‘Writing R Extensions’
    manual.
Flavor: r-release-macos-x86_64