CRAN Package Check Results for Package DiPALM

Last updated on 2021-10-24 22:50:18 CEST.

Flavor Version Tinstall Tcheck Ttotal Status Flags
r-devel-linux-x86_64-debian-clang 1.1 28.48 237.80 266.28 OK
r-devel-linux-x86_64-debian-gcc 1.1 23.36 177.07 200.43 OK
r-devel-linux-x86_64-fedora-clang 1.1 325.00 OK
r-devel-linux-x86_64-fedora-gcc 1.1 307.86 OK
r-devel-windows-x86_64 1.1 41.00 272.00 313.00 OK
r-devel-windows-x86_64-gcc10-UCRT 1.1 OK
r-patched-linux-x86_64 1.1 26.99 224.78 251.77 OK
r-patched-solaris-x86 1.1 442.10 OK
r-release-linux-x86_64 1.1 24.27 225.35 249.62 OK
r-release-macos-arm64 1.1 OK
r-release-macos-x86_64 1.1 ERROR
r-release-windows-ix86+x86_64 1.1 48.00 259.00 307.00 OK
r-oldrel-macos-x86_64 1.1 OK
r-oldrel-windows-ix86+x86_64 1.1 52.00 219.00 271.00 OK

Check Details

Version: 1.1
Check: package dependencies
Result: ERROR
    Package required but not available: ‘WGCNA’
    
    See section ‘The DESCRIPTION file’ in the ‘Writing R Extensions’
    manual.
Flavor: r-release-macos-x86_64