CRAN Package Check Results for Package DiffusionRimp

Last updated on 2021-05-16 22:49:47 CEST.

Flavor Version Tinstall Tcheck Ttotal Status Flags
r-devel-linux-x86_64-debian-clang 0.1.2 32.43 65.82 98.25 OK
r-devel-linux-x86_64-debian-gcc 0.1.2 23.75 51.34 75.09 OK
r-devel-linux-x86_64-fedora-clang 0.1.2 144.91 NOTE
r-devel-linux-x86_64-fedora-gcc 0.1.2 132.73 NOTE
r-devel-windows-ix86+x86_64 0.1.2 85.00 122.00 207.00 OK
r-devel-windows-x86_64-gcc10-UCRT 0.1.2 OK
r-patched-linux-x86_64 0.1.2 30.02 64.07 94.09 OK
r-patched-solaris-x86 0.1.2 142.30 OK
r-release-linux-x86_64 0.1.2 29.08 61.55 90.63 OK
r-release-macos-x86_64 0.1.2 OK
r-release-windows-ix86+x86_64 0.1.2 58.00 88.00 146.00 OK
r-oldrel-macos-x86_64 0.1.2 WARN
r-oldrel-windows-ix86+x86_64 0.1.2 59.00 102.00 161.00 OK

Check Details

Version: 0.1.2
Check: compiled code
Result: NOTE
    File ‘DiffusionRimp/libs/DiffusionRimp.so’:
     Found no calls to: ‘R_registerRoutines’, ‘R_useDynamicSymbols’
    
    It is good practice to register native routines and to disable symbol
    search.
    
    See ‘Writing portable packages’ in the ‘Writing R Extensions’ manual.
Flavors: r-devel-linux-x86_64-fedora-clang, r-devel-linux-x86_64-fedora-gcc

Version: 0.1.2
Check: whether package can be installed
Result: WARN
    Found the following significant warnings:
     Warning: 'rgl_init' failed, running with rgl.useNULL = TRUE
Flavor: r-oldrel-macos-x86_64