CRAN Package Check Results for Package DirStats

Last updated on 2021-05-06 22:55:17 CEST.

Flavor Version Tinstall Tcheck Ttotal Status Flags
r-devel-linux-x86_64-debian-clang 0.1.7 4.36 32.74 37.10 OK
r-devel-linux-x86_64-debian-gcc 0.1.7 3.27 24.54 27.81 OK
r-devel-linux-x86_64-fedora-clang 0.1.7 54.18 OK
r-devel-linux-x86_64-fedora-gcc 0.1.7 45.44 OK
r-devel-windows-ix86+x86_64 0.1.7 11.00 65.00 76.00 OK
r-devel-windows-x86_64-gcc10-UCRT 0.1.7 OK
r-patched-linux-x86_64 0.1.7 4.42 31.72 36.14 OK
r-patched-solaris-x86 0.1.7 67.10 OK
r-release-linux-x86_64 0.1.7 4.21 31.50 35.71 OK
r-release-macos-x86_64 0.1.7 OK
r-release-windows-ix86+x86_64 0.1.7 10.00 54.00 64.00 OK
r-oldrel-macos-x86_64 0.1.7 OK
r-oldrel-windows-ix86+x86_64 0.1.7 11.00 5.00 16.00 ERROR

Check Details

Version: 0.1.7
Check: whether package can be installed
Result: ERROR
    Installation failed.
    See * DONE
Flavor: r-oldrel-windows-ix86+x86_64