Last updated on 2024-04-18 22:52:38 CEST.
Flavor | Version | Tinstall | Tcheck | Ttotal | Status | Flags |
---|---|---|---|---|---|---|
r-devel-linux-x86_64-debian-clang | 1.2.6 | 8.78 | 68.48 | 77.26 | NOTE | |
r-devel-linux-x86_64-debian-gcc | 1.2.6 | 7.01 | 51.10 | 58.11 | NOTE | |
r-devel-linux-x86_64-fedora-clang | 1.2.6 | 97.39 | NOTE | |||
r-devel-linux-x86_64-fedora-gcc | 1.2.6 | 91.00 | NOTE | |||
r-prerel-macos-arm64 | 1.2.6 | 31.00 | NOTE | |||
r-prerel-windows-x86_64 | 1.2.6 | 9.00 | 68.00 | 77.00 | NOTE | |
r-patched-linux-x86_64 | 1.2.6 | 7.62 | 63.77 | 71.39 | NOTE | |
r-release-linux-x86_64 | 1.2.6 | 5.30 | 63.69 | 68.99 | NOTE | |
r-release-macos-arm64 | 1.2.6 | 29.00 | NOTE | |||
r-release-macos-x86_64 | 1.2.6 | 43.00 | NOTE | |||
r-release-windows-x86_64 | 1.2.6 | 11.00 | 78.00 | 89.00 | NOTE | |
r-oldrel-macos-arm64 | 1.2.6 | 29.00 | NOTE | |||
r-oldrel-windows-x86_64 | 1.2.6 | 12.00 | 86.00 | 98.00 | NOTE |
Version: 1.2.6
Check: LazyData
Result: NOTE
'LazyData' is specified without a 'data' directory
Flavors: r-devel-linux-x86_64-debian-clang, r-devel-linux-x86_64-debian-gcc, r-devel-linux-x86_64-fedora-clang, r-devel-linux-x86_64-fedora-gcc, r-prerel-macos-arm64, r-prerel-windows-x86_64, r-patched-linux-x86_64, r-release-linux-x86_64, r-release-macos-arm64, r-release-macos-x86_64, r-release-windows-x86_64, r-oldrel-macos-arm64, r-oldrel-windows-x86_64