CRAN Package Check Results for Package DoE.base

Last updated on 2022-11-30 21:53:47 CET.

Flavor Version Tinstall Tcheck Ttotal Status Flags
r-devel-linux-x86_64-debian-clang 1.2-1 17.99 136.49 154.48 NOTE
r-devel-linux-x86_64-debian-gcc 1.2-1 13.69 101.19 114.88 NOTE
r-devel-linux-x86_64-fedora-clang 1.2-1 208.34 NOTE
r-devel-linux-x86_64-fedora-gcc 1.2-1 215.81 NOTE
r-devel-windows-x86_64 1.2-1 86.00 196.00 282.00 NOTE
r-patched-linux-x86_64 1.2-1 21.39 125.80 147.19 OK
r-release-linux-x86_64 1.2-1 16.88 126.39 143.27 OK
r-release-macos-arm64 1.2-1 45.00 OK
r-release-macos-x86_64 1.2-1 71.00 OK
r-release-windows-x86_64 1.2-1 101.00 173.00 274.00 OK
r-oldrel-macos-arm64 1.2-1 43.00 OK
r-oldrel-macos-x86_64 1.2-1 64.00 OK
r-oldrel-windows-ix86+x86_64 1.2-1 32.00 153.00 185.00 OK

Check Details

Version: 1.2-1
Check: Rd files
Result: NOTE
    checkRd: (-1) block.catlg.Rd:61: Escaped LaTeX specials: \^ \^
Flavors: r-devel-linux-x86_64-debian-clang, r-devel-linux-x86_64-debian-gcc, r-devel-linux-x86_64-fedora-clang, r-devel-linux-x86_64-fedora-gcc, r-devel-windows-x86_64