CRAN Package Check Results for Package Dominance

Last updated on 2019-12-10 22:49:31 CET.

Flavor Version Tinstall Tcheck Ttotal Status Flags
r-devel-linux-x86_64-debian-clang 1.1.0 6.34 48.68 55.02 OK
r-devel-linux-x86_64-debian-gcc 1.1.0 4.67 38.21 42.88 OK
r-devel-linux-x86_64-fedora-clang 1.1.0 66.85 OK
r-devel-linux-x86_64-fedora-gcc 1.1.0 65.71 OK
r-devel-windows-ix86+x86_64 1.1.0 7.00 5.00 12.00 ERROR
r-devel-windows-ix86+x86_64-gcc8 1.1.0 12.00 6.00 18.00 ERROR
r-patched-linux-x86_64 1.1.0 4.83 43.68 48.51 OK
r-patched-solaris-x86 1.1.0 87.40 OK
r-release-linux-x86_64 1.1.0 5.06 44.00 49.06 OK
r-release-windows-ix86+x86_64 1.1.0 11.00 59.00 70.00 OK
r-release-osx-x86_64 1.1.0 FAIL
r-oldrel-windows-ix86+x86_64 1.1.0 5.00 64.00 69.00 OK
r-oldrel-osx-x86_64 1.1.0 OK

Check Details

Version: 1.1.0
Check: whether package can be installed
Result: ERROR
    Installation failed.
Flavors: r-devel-windows-ix86+x86_64, r-devel-windows-ix86+x86_64-gcc8

Version: 1.1.0
Check: examples
Result: FAIL
Flavor: r-release-osx-x86_64