CRAN Package Check Results for Package DrInsight

Last updated on 2021-11-27 22:56:55 CET.

Flavor Version Tinstall Tcheck Ttotal Status Flags
r-devel-linux-x86_64-debian-clang 0.1.2 OK
r-devel-linux-x86_64-debian-gcc 0.1.2 5.50 74.82 80.32 OK
r-devel-linux-x86_64-fedora-clang 0.1.2 141.08 OK
r-devel-linux-x86_64-fedora-gcc 0.1.2 131.38 OK
r-devel-windows-x86_64-new-UL 0.1.2 15.00 141.00 156.00 OK
r-devel-windows-x86_64-new-TK 0.1.2 OK
r-devel-windows-x86_64-old 0.1.2 11.00 109.00 120.00 OK
r-patched-linux-x86_64 0.1.2 6.75 92.97 99.72 OK
r-patched-solaris-x86 0.1.2 182.30 OK
r-release-linux-x86_64 0.1.2 OK
r-release-macos-arm64 0.1.2 ERROR
r-release-macos-x86_64 0.1.2 OK
r-release-windows-ix86+x86_64 0.1.2 24.00 125.00 149.00 OK
r-oldrel-macos-x86_64 0.1.2 OK
r-oldrel-windows-ix86+x86_64 0.1.2 17.00 126.00 143.00 OK

Check Details

Version: 0.1.2
Check: package dependencies
Result: ERROR
    Package required but not available: ‘qusage’
    
    See section ‘The DESCRIPTION file’ in the ‘Writing R Extensions’
    manual.
Flavor: r-release-macos-arm64