CRAN Package Check Results for Package DrInsight

Last updated on 2019-08-18 22:46:54 CEST.

Flavor Version Tinstall Tcheck Ttotal Status Flags
r-devel-linux-x86_64-debian-clang 0.1.1 7.18 85.34 92.52 OK
r-devel-linux-x86_64-debian-gcc 0.1.1 5.49 66.89 72.38 OK
r-devel-linux-x86_64-fedora-clang 0.1.1 119.24 OK
r-devel-linux-x86_64-fedora-gcc 0.1.1 117.44 OK
r-devel-windows-ix86+x86_64 0.1.1 26.00 133.00 159.00 OK
r-patched-linux-x86_64 0.1.1 6.46 82.96 89.42 OK
r-patched-solaris-x86 0.1.1 192.00 OK
r-release-linux-x86_64 0.1.1 4.92 82.97 87.89 OK
r-release-windows-ix86+x86_64 0.1.1 16.00 92.00 108.00 OK
r-release-osx-x86_64 0.1.1 ERROR
r-oldrel-windows-ix86+x86_64 0.1.1 15.00 124.00 139.00 OK
r-oldrel-osx-x86_64 0.1.1 OK

Check Details

Version: 0.1.1
Check: package dependencies
Result: ERROR
    Package required but not available: ‘qusage’
    
    See section ‘The DESCRIPTION file’ in the ‘Writing R Extensions’
    manual.
Flavor: r-release-osx-x86_64