CRAN Package Check Results for Package DrugClust

Last updated on 2021-10-22 22:56:29 CEST.

Flavor Version Tinstall Tcheck Ttotal Status Flags
r-devel-linux-x86_64-debian-clang 0.2 3.12 26.85 29.97 NOTE
r-devel-linux-x86_64-debian-gcc 0.2 2.33 21.13 23.46 NOTE
r-devel-linux-x86_64-fedora-clang 0.2 48.17 NOTE
r-devel-linux-x86_64-fedora-gcc 0.2 36.34 NOTE
r-devel-windows-x86_64 0.2 6.00 35.00 41.00 NOTE
r-devel-windows-x86_64-gcc10-UCRT 0.2 NOTE
r-patched-linux-x86_64 0.2 3.14 26.35 29.49 NOTE
r-patched-solaris-x86 0.2 55.70 NOTE
r-release-linux-x86_64 0.2 2.83 26.47 29.30 NOTE
r-release-macos-arm64 0.2 NOTE
r-release-macos-x86_64 0.2 NOTE
r-release-windows-ix86+x86_64 0.2 6.00 46.00 52.00 NOTE
r-oldrel-macos-x86_64 0.2 OK
r-oldrel-windows-ix86+x86_64 0.2 9.00 46.00 55.00 OK

Check Details

Version: 0.2
Check: LazyData
Result: NOTE
     'LazyData' is specified without a 'data' directory
Flavors: r-devel-linux-x86_64-debian-clang, r-devel-linux-x86_64-debian-gcc, r-devel-linux-x86_64-fedora-clang, r-devel-linux-x86_64-fedora-gcc, r-devel-windows-x86_64, r-devel-windows-x86_64-gcc10-UCRT, r-patched-linux-x86_64, r-patched-solaris-x86, r-release-linux-x86_64, r-release-macos-arm64, r-release-macos-x86_64, r-release-windows-ix86+x86_64