CRAN Package Check Results for Package Dykstra

Last updated on 2022-08-19 22:53:15 CEST.

Flavor Version Tinstall Tcheck Ttotal Status Flags
r-devel-linux-x86_64-debian-clang 1.0-0 1.64 22.26 23.90 OK
r-devel-linux-x86_64-debian-gcc 1.0-0 1.48 17.26 18.74 OK
r-devel-linux-x86_64-fedora-clang 1.0-0 39.48 NOTE
r-devel-linux-x86_64-fedora-gcc 1.0-0 39.55 OK
r-devel-windows-x86_64 1.0-0 9.00 43.00 52.00 OK
r-patched-linux-x86_64 1.0-0 1.90 20.77 22.67 OK
r-release-linux-x86_64 1.0-0 OK
r-release-macos-arm64 1.0-0 12.00 OK
r-release-macos-x86_64 1.0-0 19.00 OK
r-release-windows-x86_64 1.0-0 5.00 42.00 47.00 OK
r-oldrel-macos-arm64 1.0-0 18.00 OK
r-oldrel-macos-x86_64 1.0-0 24.00 OK
r-oldrel-windows-ix86+x86_64 1.0-0 5.00 31.00 36.00 OK

Check Details

Version: 1.0-0
Check: Rd cross-references
Result: NOTE
    Undeclared package ‘quadprog’ in Rd xrefs
Flavor: r-devel-linux-x86_64-fedora-clang