CRAN Package Check Results for Package DynNom

Last updated on 2021-12-01 22:53:09 CET.

Flavor Version Tinstall Tcheck Ttotal Status Flags
r-devel-linux-x86_64-debian-clang 5.0.1 19.40 147.70 167.10 NOTE
r-devel-linux-x86_64-debian-gcc 5.0.1 14.18 110.96 125.14 NOTE
r-devel-linux-x86_64-fedora-clang 5.0.1 211.27 NOTE
r-devel-linux-x86_64-fedora-gcc 5.0.1 198.10 NOTE
r-devel-windows-x86_64-new-UL 5.0.1 33.00 195.00 228.00 NOTE
r-devel-windows-x86_64-new-TK 5.0.1 NOTE
r-devel-windows-x86_64-old 5.0.1 31.00 136.00 167.00 NOTE
r-patched-linux-x86_64 5.0.1 18.49 136.75 155.24 NOTE
r-patched-solaris-x86 5.0.1 233.20 NOTE
r-release-linux-x86_64 5.0.1 21.06 138.91 159.97 NOTE
r-release-macos-arm64 5.0.1 NOTE
r-release-macos-x86_64 5.0.1 NOTE
r-release-windows-ix86+x86_64 5.0.1 47.00 179.00 226.00 NOTE
r-oldrel-macos-x86_64 5.0.1 OK
r-oldrel-windows-ix86+x86_64 5.0.1 45.00 174.00 219.00 OK

Check Details

Version: 5.0.1
Check: LazyData
Result: NOTE
     'LazyData' is specified without a 'data' directory
Flavors: r-devel-linux-x86_64-debian-clang, r-devel-linux-x86_64-debian-gcc, r-devel-linux-x86_64-fedora-clang, r-devel-linux-x86_64-fedora-gcc, r-devel-windows-x86_64-new-UL, r-devel-windows-x86_64-new-TK, r-devel-windows-x86_64-old, r-patched-linux-x86_64, r-patched-solaris-x86, r-release-linux-x86_64, r-release-macos-arm64, r-release-macos-x86_64, r-release-windows-ix86+x86_64