CRAN Package Check Results for Package EATME

Last updated on 2023-09-25 22:12:37 CEST.

Flavor Version Tinstall Tcheck Ttotal Status Flags
r-devel-linux-x86_64-debian-clang 0.1.0 2.94 59.73 62.67 OK
r-devel-linux-x86_64-debian-gcc 0.1.0 2.25 48.63 50.88 OK
r-devel-linux-x86_64-fedora-clang 0.1.0 77.37 NOTE
r-devel-linux-x86_64-fedora-gcc 0.1.0 82.37 NOTE
r-devel-windows-x86_64 0.1.0 5.00 74.00 79.00 OK
r-patched-linux-x86_64 0.1.0 2.01 66.15 68.16 OK
r-release-linux-x86_64 0.1.0 2.02 65.26 67.28 OK
r-release-macos-arm64 0.1.0 32.00 OK
r-release-macos-x86_64 0.1.0 37.00 OK
r-release-windows-x86_64 0.1.0 6.00 81.00 87.00 OK
r-oldrel-macos-arm64 0.1.0 31.00 NOTE
r-oldrel-macos-x86_64 0.1.0 37.00 NOTE
r-oldrel-windows-x86_64 0.1.0 5.00 83.00 88.00 OK

Check Details

Version: 0.1.0
Check: dependencies in R code
Result: NOTE
    Namespace in Imports field not imported from: ‘qcr’
     All declared Imports should be used.
Flavors: r-devel-linux-x86_64-fedora-clang, r-devel-linux-x86_64-fedora-gcc, r-oldrel-macos-arm64, r-oldrel-macos-x86_64