CRAN Package Check Results for Package EAinference

Last updated on 2023-10-01 23:03:43 CEST.

Flavor Version Tinstall Tcheck Ttotal Status Flags
r-devel-linux-x86_64-debian-clang 0.2.3 39.97 240.41 280.38 NOTE
r-devel-linux-x86_64-debian-gcc 0.2.3 33.41 186.69 220.10 NOTE
r-devel-linux-x86_64-fedora-clang 0.2.3 356.61 NOTE
r-devel-linux-x86_64-fedora-gcc 0.2.3 411.51 NOTE
r-devel-windows-x86_64 0.2.3 34.00 229.00 263.00 NOTE
r-patched-linux-x86_64 0.2.3 38.76 243.15 281.91 NOTE
r-release-linux-x86_64 0.2.3 43.60 243.10 286.70 NOTE
r-release-macos-arm64 0.2.3 96.00 NOTE
r-release-macos-x86_64 0.2.3 165.00 NOTE
r-release-windows-x86_64 0.2.3 42.00 276.00 318.00 NOTE
r-oldrel-macos-arm64 0.2.3 77.00 NOTE
r-oldrel-macos-x86_64 0.2.3 117.00 NOTE
r-oldrel-windows-x86_64 0.2.3 44.00 269.00 313.00 NOTE

Check Details

Version: 0.2.3
Check: LazyData
Result: NOTE
     'LazyData' is specified without a 'data' directory
Flavors: r-devel-linux-x86_64-debian-clang, r-devel-linux-x86_64-debian-gcc, r-devel-linux-x86_64-fedora-clang, r-devel-linux-x86_64-fedora-gcc, r-devel-windows-x86_64, r-patched-linux-x86_64, r-release-linux-x86_64, r-release-macos-arm64, r-release-macos-x86_64, r-release-windows-x86_64, r-oldrel-macos-arm64, r-oldrel-macos-x86_64, r-oldrel-windows-x86_64