Last updated on 2024-05-15 22:54:54 CEST.
Flavor | Version | Tinstall | Tcheck | Ttotal | Status | Flags |
---|---|---|---|---|---|---|
r-devel-linux-x86_64-debian-clang | 1.0.1 | 6.80 | 115.26 | 122.06 | OK | |
r-devel-linux-x86_64-debian-gcc | 1.0.1 | 5.88 | 85.46 | 91.34 | OK | |
r-devel-linux-x86_64-fedora-clang | 1.0.1 | 150.71 | OK | |||
r-devel-linux-x86_64-fedora-gcc | 1.0.1 | 186.40 | OK | |||
r-devel-windows-x86_64 | 1.0.1 | 8.00 | 184.00 | 192.00 | ERROR | |
r-patched-linux-x86_64 | 1.0.1 | 5.65 | 107.54 | 113.19 | OK | |
r-release-linux-x86_64 | 1.0.1 | 6.85 | 109.36 | 116.21 | OK | |
r-release-macos-arm64 | 1.0.1 | 100.00 | OK | |||
r-release-macos-x86_64 | 1.0.1 | 223.00 | OK | |||
r-release-windows-x86_64 | 1.0.1 | 9.00 | 193.00 | 202.00 | OK | |
r-oldrel-macos-arm64 | 1.0.1 | 102.00 | OK | |||
r-oldrel-macos-x86_64 | 1.0.1 | 218.00 | OK | |||
r-oldrel-windows-x86_64 | 1.0.1 | 10.00 | 263.00 | 273.00 | OK |
Version: 1.0.1
Check: re-building of vignette outputs
Result: ERROR
Error(s) in re-building vignettes:
--- re-building 'EBASE.Rmd' using rmarkdown
Quitting from lines at lines 243-251 [unnamed-chunk-24] (EBASE.Rmd)
Error: processing vignette 'EBASE.Rmd' failed with diagnostics:
task 1 failed - "creation of server socket failed: port 11584 cannot be opened"
--- failed re-building 'EBASE.Rmd'
SUMMARY: processing the following file failed:
'EBASE.Rmd'
Error: Vignette re-building failed.
Execution halted
Flavor: r-devel-windows-x86_64