CRAN Package Check Results for Package EBASS

Last updated on 2019-09-20 22:49:59 CEST.

Flavor Version Tinstall Tcheck Ttotal Status Flags
r-devel-linux-x86_64-debian-clang 0.1 2.90 27.37 30.27 NOTE
r-devel-linux-x86_64-debian-gcc 0.1 2.57 22.46 25.03 NOTE
r-devel-linux-x86_64-fedora-clang 0.1 39.57 OK
r-devel-linux-x86_64-fedora-gcc 0.1 38.30 OK
r-devel-windows-ix86+x86_64 0.1 10.00 46.00 56.00 NOTE
r-patched-linux-x86_64 0.1 2.67 27.59 30.26 OK
r-patched-solaris-x86 0.1 48.70 OK
r-release-linux-x86_64 0.1 2.64 27.55 30.19 OK
r-release-windows-ix86+x86_64 0.1 8.00 46.00 54.00 OK
r-release-osx-x86_64 0.1 OK
r-oldrel-windows-ix86+x86_64 0.1 5.00 42.00 47.00 OK
r-oldrel-osx-x86_64 0.1 OK

Check Details

Version: 0.1
Check: package vignettes
Result: NOTE
    Package vignette with placeholder title 'Vignette Title':
     'my-vignette.Rmd'
Flavors: r-devel-linux-x86_64-debian-clang, r-devel-linux-x86_64-debian-gcc, r-devel-windows-ix86+x86_64