CRAN Package Check Results for Package EBASS

Last updated on 2020-02-22 22:47:45 CET.

Flavor Version Tinstall Tcheck Ttotal Status Flags
r-devel-linux-x86_64-debian-clang 0.1 3.47 29.92 33.39 NOTE
r-devel-linux-x86_64-debian-gcc 0.1 3.14 24.49 27.63 NOTE
r-devel-linux-x86_64-fedora-clang 0.1 43.76 OK
r-devel-linux-x86_64-fedora-gcc 0.1 43.03 OK
r-devel-windows-ix86+x86_64 0.1 10.00 47.00 57.00 NOTE
r-devel-windows-ix86+x86_64-gcc8 0.1 13.00 66.00 79.00 NOTE
r-patched-linux-x86_64 0.1 OK
r-patched-solaris-x86 0.1 48.90 OK
r-release-linux-x86_64 0.1 2.79 28.09 30.88 OK
r-release-windows-ix86+x86_64 0.1 8.00 45.00 53.00 OK
r-release-osx-x86_64 0.1 OK
r-oldrel-windows-ix86+x86_64 0.1 7.00 45.00 52.00 OK
r-oldrel-osx-x86_64 0.1 OK

Check Details

Version: 0.1
Check: package vignettes
Result: NOTE
    Package vignette with placeholder title 'Vignette Title':
     'my-vignette.Rmd'
Flavors: r-devel-linux-x86_64-debian-clang, r-devel-linux-x86_64-debian-gcc, r-devel-windows-ix86+x86_64, r-devel-windows-ix86+x86_64-gcc8