Last updated on 2024-03-28 23:01:43 CET.
Flavor | Version | Tinstall | Tcheck | Ttotal | Status | Flags |
---|---|---|---|---|---|---|
r-devel-linux-x86_64-debian-clang | 1.0 | 6.65 | 66.60 | 73.25 | NOTE | |
r-devel-linux-x86_64-debian-gcc | 1.0 | 6.42 | 50.04 | 56.46 | NOTE | |
r-devel-linux-x86_64-fedora-clang | 1.0 | 91.13 | NOTE | |||
r-devel-linux-x86_64-fedora-gcc | 1.0 | 96.02 | NOTE | |||
r-devel-windows-x86_64 | 1.0 | 7.00 | 63.00 | 70.00 | NOTE | |
r-patched-linux-x86_64 | 1.0 | 7.82 | 62.90 | 70.72 | NOTE | |
r-release-linux-x86_64 | 1.0 | 7.71 | 66.71 | 74.42 | NOTE | |
r-release-macos-arm64 | 1.0 | 30.00 | NOTE | |||
r-release-macos-x86_64 | 1.0 | 50.00 | NOTE | |||
r-release-windows-x86_64 | 1.0 | 9.00 | 75.00 | 84.00 | NOTE | |
r-oldrel-macos-arm64 | 1.0 | 30.00 | NOTE | |||
r-oldrel-windows-x86_64 | 1.0 | 10.00 | 81.00 | 91.00 | NOTE |
Version: 1.0
Check: LazyData
Result: NOTE
'LazyData' is specified without a 'data' directory
Flavors: r-devel-linux-x86_64-debian-clang, r-devel-linux-x86_64-debian-gcc, r-devel-linux-x86_64-fedora-clang, r-devel-linux-x86_64-fedora-gcc, r-devel-windows-x86_64, r-patched-linux-x86_64, r-release-linux-x86_64, r-release-macos-arm64, r-release-macos-x86_64, r-release-windows-x86_64, r-oldrel-macos-arm64, r-oldrel-windows-x86_64