CRAN Package Check Results for Package ECOSolveR

Last updated on 2019-11-18 22:47:09 CET.

Flavor Version Tinstall Tcheck Ttotal Status Flags
r-devel-linux-x86_64-debian-clang 0.5.3 16.24 32.91 49.15 NOTE
r-devel-linux-x86_64-debian-gcc 0.5.3 8.72 26.24 34.96 NOTE
r-devel-linux-x86_64-fedora-clang 0.5.3 65.26 NOTE
r-devel-linux-x86_64-fedora-gcc 0.5.3 61.86 NOTE
r-devel-windows-ix86+x86_64 0.5.3 94.00 73.00 167.00 NOTE
r-patched-linux-x86_64 0.5.3 9.99 31.14 41.13 NOTE
r-patched-solaris-x86 0.5.3 90.00 NOTE
r-release-linux-x86_64 0.5.3 9.95 31.06 41.01 NOTE
r-release-windows-ix86+x86_64 0.5.3 55.00 78.00 133.00 NOTE
r-release-osx-x86_64 0.5.3 NOTE
r-oldrel-windows-ix86+x86_64 0.5.3 114.00 56.00 170.00 NOTE
r-oldrel-osx-x86_64 0.5.3 NOTE

Check Details

Version: 0.5.3
Check: for GNU extensions in Makefiles
Result: NOTE
    GNU make is a SystemRequirements.
Flavors: r-devel-linux-x86_64-debian-clang, r-devel-linux-x86_64-debian-gcc, r-devel-linux-x86_64-fedora-clang, r-devel-linux-x86_64-fedora-gcc, r-devel-windows-ix86+x86_64, r-patched-linux-x86_64, r-patched-solaris-x86, r-release-linux-x86_64, r-release-windows-ix86+x86_64, r-release-osx-x86_64, r-oldrel-windows-ix86+x86_64, r-oldrel-osx-x86_64