CRAN Package Check Results for Package ECOSolveR

Last updated on 2019-07-20 22:48:00 CEST.

Flavor Version Tinstall Tcheck Ttotal Status Flags
r-devel-linux-x86_64-debian-clang 0.5.2 14.26 30.74 45.00 NOTE
r-devel-linux-x86_64-debian-gcc 0.5.2 8.34 25.33 33.67 NOTE
r-devel-linux-x86_64-fedora-clang 0.5.2 55.33 NOTE
r-devel-linux-x86_64-fedora-gcc 0.5.2 50.21 NOTE
r-devel-windows-ix86+x86_64 0.5.2 111.00 55.00 166.00 NOTE
r-patched-linux-x86_64 0.5.2 10.12 30.57 40.69 NOTE
r-patched-solaris-x86 0.5.2 93.30 NOTE
r-release-linux-x86_64 0.5.2 10.26 30.75 41.01 NOTE
r-release-windows-ix86+x86_64 0.5.2 55.00 56.00 111.00 NOTE
r-release-osx-x86_64 0.5.2 NOTE
r-oldrel-windows-ix86+x86_64 0.5.2 166.00 76.00 242.00 NOTE
r-oldrel-osx-x86_64 0.5.2 NOTE

Check Details

Version: 0.5.2
Check: for GNU extensions in Makefiles
Result: NOTE
    GNU make is a SystemRequirements.
Flavors: r-devel-linux-x86_64-debian-clang, r-devel-linux-x86_64-debian-gcc, r-devel-linux-x86_64-fedora-clang, r-devel-linux-x86_64-fedora-gcc, r-devel-windows-ix86+x86_64, r-patched-linux-x86_64, r-patched-solaris-x86, r-release-linux-x86_64, r-release-windows-ix86+x86_64, r-release-osx-x86_64, r-oldrel-windows-ix86+x86_64, r-oldrel-osx-x86_64