CRAN Package Check Results for Package ECTTDNN

Last updated on 2024-05-18 22:27:34 CEST.

Flavor Version Tinstall Tcheck Ttotal Status Flags
r-devel-linux-x86_64-debian-clang 0.1.0 5.98 68.60 74.58 NOTE
r-devel-linux-x86_64-debian-gcc 0.1.0 5.66 50.79 56.45 NOTE
r-devel-linux-x86_64-fedora-clang 0.1.0 95.22 NOTE
r-devel-linux-x86_64-fedora-gcc 0.1.0 88.30 NOTE
r-devel-windows-x86_64 0.1.0 7.00 67.00 74.00 NOTE
r-patched-linux-x86_64 0.1.0 5.24 66.24 71.48 NOTE
r-release-linux-x86_64 0.1.0 4.95 66.20 71.15 NOTE
r-release-macos-arm64 0.1.0 31.00 NOTE
r-release-windows-x86_64 0.1.0 9.00 74.00 83.00 NOTE
r-oldrel-macos-arm64 0.1.0 33.00 NOTE
r-oldrel-macos-x86_64 0.1.0 47.00 NOTE
r-oldrel-windows-x86_64 0.1.0 10.00 75.00 85.00 NOTE

Check Details

Version: 0.1.0
Check: LazyData
Result: NOTE 'LazyData' is specified without a 'data' directory Flavors: r-devel-linux-x86_64-debian-clang, r-devel-linux-x86_64-debian-gcc, r-devel-linux-x86_64-fedora-clang, r-devel-linux-x86_64-fedora-gcc, r-devel-windows-x86_64, r-patched-linux-x86_64, r-release-linux-x86_64, r-release-macos-arm64, r-release-windows-x86_64, r-oldrel-macos-arm64, r-oldrel-macos-x86_64, r-oldrel-windows-x86_64