CRAN Package Check Results for Package ECoL

Last updated on 2021-05-06 22:55:18 CEST.

Flavor Version Tinstall Tcheck Ttotal Status Flags
r-devel-linux-x86_64-debian-clang 0.3.0 3.55 48.32 51.87 NOTE
r-devel-linux-x86_64-debian-gcc 0.3.0 2.32 35.46 37.78 NOTE
r-devel-linux-x86_64-fedora-clang 0.3.0 69.95 NOTE
r-devel-linux-x86_64-fedora-gcc 0.3.0 59.88 NOTE
r-devel-windows-ix86+x86_64 0.3.0 5.00 70.00 75.00 NOTE
r-devel-windows-x86_64-gcc10-UCRT 0.3.0 NOTE
r-patched-linux-x86_64 0.3.0 3.97 46.32 50.29 NOTE
r-patched-solaris-x86 0.3.0 82.50 OK
r-release-linux-x86_64 0.3.0 2.62 44.91 47.53 OK
r-release-macos-x86_64 0.3.0 OK
r-release-windows-ix86+x86_64 0.3.0 5.00 47.00 52.00 OK
r-oldrel-macos-x86_64 0.3.0 OK
r-oldrel-windows-ix86+x86_64 0.3.0 5.00 63.00 68.00 OK

Check Details

Version: 0.3.0
Check: LazyData
Result: NOTE
     'LazyData' is specified without a 'data' directory
Flavors: r-devel-linux-x86_64-debian-clang, r-devel-linux-x86_64-debian-gcc, r-devel-linux-x86_64-fedora-clang, r-devel-linux-x86_64-fedora-gcc, r-devel-windows-ix86+x86_64, r-devel-windows-x86_64-gcc10-UCRT, r-patched-linux-x86_64