CRAN Package Check Results for Package EDA

Last updated on 2020-02-21 22:51:05 CET.

Flavor Version Tinstall Tcheck Ttotal Status Flags
r-devel-linux-x86_64-debian-clang 1.3 3.10 43.33 46.43 OK
r-devel-linux-x86_64-debian-gcc 1.3 2.78 33.27 36.05 OK
r-devel-linux-x86_64-fedora-clang 1.3 57.75 OK
r-devel-linux-x86_64-fedora-gcc 1.3 55.54 OK
r-devel-windows-ix86+x86_64 1.3 7.00 58.00 65.00 OK
r-devel-windows-ix86+x86_64-gcc8 1.3 15.00 83.00 98.00 OK
r-patched-linux-x86_64 1.3 OK
r-patched-solaris-x86 1.3 76.20 OK
r-release-linux-x86_64 1.3 2.84 37.76 40.60 OK
r-release-windows-ix86+x86_64 1.3 9.00 56.00 65.00 OK
r-release-osx-x86_64 1.3 OK
r-oldrel-windows-ix86+x86_64 1.3 7.00 55.00 62.00 WARN
r-oldrel-osx-x86_64 1.3 OK

Check Details

Version: 1.3
Check: whether package can be installed
Result: WARN
    Found the following significant warnings:
     Warning: S3 methods '[.fun_list', '[.grouped_df', 'all.equal.tbl_df', 'anti_join.data.frame', 'anti_join.tbl_df', 'arrange.data.frame', 'arrange.default', 'arrange.grouped_df', 'arrange.tbl_df', 'arrange_.data.frame', 'arrange_.tbl_df', 'as.data.frame.grouped_df', 'as.data.frame.rowwise_df', 'as.data.frame.tbl_cube', 'as.table.tbl_cube', 'as.tbl.data.frame', 'as.tbl.tbl', 'as.tbl_cube.array', 'as.tbl_cube.data.frame', 'as.tbl_cube.matrix', 'as.tbl_cube.table', 'as_tibble.grouped_df', 'as_tibble.tbl_cube', 'auto_copy.tbl_cube', 'auto_copy.tbl_df', 'cbind.grouped_df', 'collapse.data.frame', 'collect.data.frame', 'common_by.NULL', 'common_by.character', 'common_by.default', 'common_by.list', 'compute.data.frame', 'copy_to.DBIConnection', 'copy_to.src_local', 'default_missing.data.frame', 'default_missing.default', 'dim.tbl_cube', 'distinct.data.frame', 'distinct.default', 'distinct.grouped_df', 'distinct.tbl_df', 'distinct_.data.frame', 'distinct_.grouped_df', 'distinct_.tbl_df', 'do.NULL', 'do.da [... truncated]
Flavor: r-oldrel-windows-ix86+x86_64