CRAN Package Check Results for Package EDA

Last updated on 2019-09-21 22:48:56 CEST.

Flavor Version Tinstall Tcheck Ttotal Status Flags
r-devel-linux-x86_64-debian-clang 1.2 3.07 38.19 41.26 OK
r-devel-linux-x86_64-debian-gcc 1.2 3.14 30.21 33.35 OK
r-devel-linux-x86_64-fedora-clang 1.2 51.90 OK
r-devel-linux-x86_64-fedora-gcc 1.2 49.73 OK
r-devel-windows-ix86+x86_64 1.2 27.00 82.00 109.00 OK
r-patched-linux-x86_64 1.2 3.01 37.35 40.36 OK
r-patched-solaris-x86 1.2 74.60 OK
r-release-linux-x86_64 1.2 2.86 37.41 40.27 OK
r-release-windows-ix86+x86_64 1.2 8.00 58.00 66.00 OK
r-release-osx-x86_64 1.2 OK
r-oldrel-windows-ix86+x86_64 1.2 5.00 54.00 59.00 WARN
r-oldrel-osx-x86_64 1.2 OK

Check Details

Version: 1.2
Check: whether package can be installed
Result: WARN
    Found the following significant warnings:
     Warning: S3 methods '[.fun_list', '[.grouped_df', 'all.equal.tbl_df', 'anti_join.data.frame', 'anti_join.tbl_df', 'arrange.data.frame', 'arrange.default', 'arrange.grouped_df', 'arrange.tbl_df', 'arrange_.data.frame', 'arrange_.tbl_df', 'as.data.frame.grouped_df', 'as.data.frame.rowwise_df', 'as.data.frame.tbl_cube', 'as.table.tbl_cube', 'as.tbl.data.frame', 'as.tbl.tbl', 'as.tbl_cube.array', 'as.tbl_cube.data.frame', 'as.tbl_cube.matrix', 'as.tbl_cube.table', 'as_tibble.grouped_df', 'as_tibble.tbl_cube', 'auto_copy.tbl_cube', 'auto_copy.tbl_df', 'cbind.grouped_df', 'collapse.data.frame', 'collect.data.frame', 'common_by.NULL', 'common_by.character', 'common_by.default', 'common_by.list', 'compute.data.frame', 'copy_to.DBIConnection', 'copy_to.src_local', 'default_missing.data.frame', 'default_missing.default', 'dim.tbl_cube', 'distinct.data.frame', 'distinct.default', 'distinct.grouped_df', 'distinct.tbl_df', 'distinct_.data.frame', 'distinct_.grouped_df', 'distinct_.tbl_df', 'do.NULL', 'do.da [... truncated]
Flavor: r-oldrel-windows-ix86+x86_64