CRAN Package Check Results for Package EDOtrans

Last updated on 2021-12-01 22:53:10 CET.

Flavor Version Tinstall Tcheck Ttotal Status Flags
r-devel-linux-x86_64-debian-clang 0.2.0 15.41 124.90 140.31 OK
r-devel-linux-x86_64-debian-gcc 0.2.0 13.41 94.54 107.95 OK
r-devel-linux-x86_64-fedora-clang 0.2.0 179.89 OK
r-devel-linux-x86_64-fedora-gcc 0.2.0 167.32 OK
r-devel-windows-x86_64-new-UL 0.2.0 31.00 161.00 192.00 OK
r-devel-windows-x86_64-new-TK 0.2.0 OK
r-devel-windows-x86_64-old 0.2.0 24.00 110.00 134.00 OK
r-patched-linux-x86_64 0.2.0 15.37 118.19 133.56 OK
r-patched-solaris-x86 0.2.0 242.30 OK
r-release-linux-x86_64 0.2.0 15.80 116.87 132.67 OK
r-release-macos-arm64 0.2.0 ERROR
r-release-macos-x86_64 0.2.0 ERROR
r-release-windows-ix86+x86_64 0.2.0 38.00 148.00 186.00 OK
r-oldrel-macos-x86_64 0.2.0 ERROR
r-oldrel-windows-ix86+x86_64 0.2.0 38.00 152.00 190.00 OK

Check Details

Version: 0.2.0
Check: package dependencies
Result: ERROR
    Package required but not available: ‘opGMMassessment’
    
    See section ‘The DESCRIPTION file’ in the ‘Writing R Extensions’
    manual.
Flavors: r-release-macos-arm64, r-release-macos-x86_64, r-oldrel-macos-x86_64