CRAN Package Check Results for Package EGAnet

Last updated on 2021-05-10 22:51:56 CEST.

Flavor Version Tinstall Tcheck Ttotal Status Flags
r-devel-linux-x86_64-debian-clang 0.9.8 14.66 127.27 141.93 OK
r-devel-linux-x86_64-debian-gcc 0.9.8 9.53 95.68 105.21 OK
r-devel-linux-x86_64-fedora-clang 0.9.8 184.36 OK
r-devel-linux-x86_64-fedora-gcc 0.9.8 176.28 OK
r-devel-windows-ix86+x86_64 0.9.8 29.00 170.00 199.00 OK
r-devel-windows-x86_64-gcc10-UCRT 0.9.8 OK
r-patched-linux-x86_64 0.9.8 22.74 121.87 144.61 OK
r-patched-solaris-x86 0.9.8 240.80 OK
r-release-linux-x86_64 0.9.8 11.62 120.10 131.72 OK
r-release-macos-x86_64 0.9.8 OK
r-release-windows-ix86+x86_64 0.9.8 16.00 120.00 136.00 OK
r-oldrel-macos-x86_64 0.9.8 ERROR
r-oldrel-windows-ix86+x86_64 0.9.8 18.00 143.00 161.00 ERROR

Check Details

Version: 0.9.8
Check: examples
Result: ERROR
    Running examples in ‘EGAnet-Ex.R’ failed
    The error most likely occurred in:
    
    > ### Name: net.loads
    > ### Title: Network Loadings
    > ### Aliases: net.loads
    >
    > ### ** Examples
    >
    >
    > # Load data
    > wmt <- wmt2[,7:24]
    >
    > ## Not run:
    > ##D # Estimate EGA
    > ##D ega.wmt <- EGA(wmt)
    > ##D
    > ## End(Not run)
    >
    > # Network loadings
    > net.loads(ega.wmt)
    Error in matrix(if (is.null(value)) logical() else value, nrow = nr, dimnames = list(rn, :
     length of 'dimnames' [2] not equal to array extent
    Calls: <Anonymous> ... [<-.data.frame -> which -> Ops.data.frame -> matrix
    Execution halted
Flavors: r-oldrel-macos-x86_64, r-oldrel-windows-ix86+x86_64