CRAN Package Check Results for Package EMDSVRhybrid

Last updated on 2021-05-11 22:49:45 CEST.

Flavor Version Tinstall Tcheck Ttotal Status Flags
r-devel-linux-x86_64-debian-clang 0.1.0 4.37 42.97 47.34 NOTE
r-devel-linux-x86_64-debian-gcc 0.1.0 3.55 33.11 36.66 NOTE
r-devel-linux-x86_64-fedora-clang 0.1.0 70.82 NOTE
r-devel-linux-x86_64-fedora-gcc 0.1.0 58.75 NOTE
r-devel-windows-ix86+x86_64 0.1.0 10.00 62.00 72.00 NOTE
r-devel-windows-x86_64-gcc10-UCRT 0.1.0 NOTE
r-patched-linux-x86_64 0.1.0 4.72 41.84 46.56 NOTE
r-patched-solaris-x86 0.1.0 80.80 NOTE
r-release-linux-x86_64 0.1.0 4.35 40.95 45.30 OK
r-release-macos-x86_64 0.1.0 OK
r-release-windows-ix86+x86_64 0.1.0 11.00 44.00 55.00 OK
r-oldrel-macos-x86_64 0.1.0 OK
r-oldrel-windows-ix86+x86_64 0.1.0 10.00 47.00 57.00 OK

Check Details

Version: 0.1.0
Check: LazyData
Result: NOTE
     'LazyData' is specified without a 'data' directory
Flavors: r-devel-linux-x86_64-debian-clang, r-devel-linux-x86_64-debian-gcc, r-devel-linux-x86_64-fedora-clang, r-devel-linux-x86_64-fedora-gcc, r-devel-windows-ix86+x86_64, r-devel-windows-x86_64-gcc10-UCRT, r-patched-linux-x86_64, r-patched-solaris-x86