CRAN Package Check Results for Package EMMLi

Last updated on 2024-02-26 23:03:38 CET.

Flavor Version Tinstall Tcheck Ttotal Status Flags
r-devel-linux-x86_64-debian-clang 0.0.3 2.29 27.03 29.32 NOTE
r-devel-linux-x86_64-debian-gcc 0.0.3 2.09 21.14 23.23 NOTE
r-devel-linux-x86_64-fedora-clang 0.0.3 38.17 NOTE
r-devel-linux-x86_64-fedora-gcc 0.0.3 37.54 NOTE
r-devel-windows-x86_64 0.0.3 3.00 49.00 52.00 OK
r-patched-linux-x86_64 0.0.3 2.11 26.97 29.08 OK
r-release-linux-x86_64 0.0.3 2.77 26.69 29.46 OK
r-release-macos-arm64 0.0.3 17.00 OK
r-release-macos-x86_64 0.0.3 25.00 OK
r-release-windows-x86_64 0.0.3 3.00 48.00 51.00 OK
r-oldrel-macos-arm64 0.0.3 17.00 OK
r-oldrel-windows-x86_64 0.0.3 4.00 51.00 55.00 OK

Check Details

Version: 0.0.3
Check: Rd files
Result: NOTE checkRd: (-1) macacaModels.Rd:9: Lost braces in \itemize; meant \describe ? checkRd: (-1) macacaModels.Rd:10-11: Lost braces in \itemize; meant \describe ? Flavors: r-devel-linux-x86_64-debian-clang, r-devel-linux-x86_64-debian-gcc, r-devel-linux-x86_64-fedora-clang, r-devel-linux-x86_64-fedora-gcc