CRAN Package Check Results for Package EZtune

Last updated on 2019-09-16 22:49:21 CEST.

Flavor Version Tinstall Tcheck Ttotal Status Flags
r-devel-linux-x86_64-debian-clang 2.0.0 3.75 521.06 524.81 OK
r-devel-linux-x86_64-debian-gcc 2.0.0 3.42 420.35 423.77 OK
r-devel-linux-x86_64-fedora-clang 2.0.0 438.05 OK
r-devel-linux-x86_64-fedora-gcc 2.0.0 499.56 OK
r-devel-windows-ix86+x86_64 2.0.0 15.00 555.00 570.00 OK
r-patched-linux-x86_64 2.0.0 3.59 370.05 373.64 OK
r-patched-solaris-x86 2.0.0 811.50 OK
r-release-linux-x86_64 2.0.0 4.01 442.52 446.53 OK
r-release-windows-ix86+x86_64 2.0.0 7.00 311.00 318.00 OK
r-release-osx-x86_64 2.0.0 OK
r-oldrel-windows-ix86+x86_64 2.0.0 7.00 429.00 436.00 OK
r-oldrel-osx-x86_64 2.0.0 ERROR

Check Details

Version: 2.0.0
Check: dependencies in R code
Result: NOTE
    Missing or unexported object: ‘optimx::hjn’
Flavor: r-oldrel-osx-x86_64

Version: 2.0.0
Check: examples
Result: ERROR
    Running examples in ‘EZtune-Ex.R’ failed
    The error most likely occurred in:
    
    > ### Name: eztune
    > ### Title: Supervised Learning Function
    > ### Aliases: eztune
    >
    > ### ** Examples
    >
    > library(mlbench)
    > data(Sonar)
    > sonar <- Sonar[sample(1:nrow(Sonar), 100), ]
    >
    > y <- sonar[, 61]
    > x <- sonar[, 1:10]
    >
    > # Optimize an SVM using the default fast setting and Hooke-Jeeves
    > eztune(x, y)
    Error: 'hjn' is not an exported object from 'namespace:optimx'
    Execution halted
Flavor: r-oldrel-osx-x86_64

Version: 2.0.0
Check: re-building of vignette outputs
Result: WARN
    Error in re-building vignettes:
     ...
    Warning in engine$weave(file, quiet = quiet, encoding = enc) :
     Pandoc (>= 1.12.3) and/or pandoc-citeproc not available. Falling back to R Markdown v1.
    Quitting from lines 152-156 (EZtune.Rmd)
    Error: processing vignette 'EZtune.Rmd' failed with diagnostics:
    'hjn' is not an exported object from 'namespace:optimx'
    Execution halted
Flavor: r-oldrel-osx-x86_64