CRAN Package Check Results for Package Ease

Last updated on 2024-06-17 22:53:58 CEST.

Flavor Version Tinstall Tcheck Ttotal Status Flags
r-devel-linux-x86_64-debian-clang 0.1.2 31.36 72.16 103.52 OK
r-devel-linux-x86_64-debian-gcc 0.1.2 24.43 54.93 79.36 OK
r-devel-linux-x86_64-fedora-clang 0.1.2 137.66 OK
r-devel-linux-x86_64-fedora-gcc 0.1.2 153.98 OK
r-devel-windows-x86_64 0.1.2 25.00 95.00 120.00 OK
r-patched-linux-x86_64 0.1.2 28.72 67.31 96.03 OK
r-release-linux-x86_64 0.1.2 29.08 69.75 98.83 OK
r-release-macos-arm64 0.1.2 40.00 OK
r-release-macos-x86_64 0.1.2 63.00 OK
r-release-windows-x86_64 0.1.2 25.00 89.00 114.00 FAIL
r-oldrel-macos-arm64 0.1.2 41.00 OK
r-oldrel-macos-x86_64 0.1.2 71.00 OK
r-oldrel-windows-x86_64 0.1.2 27.00 113.00 140.00 OK

Check Details

Version: 0.1.2
Check: tests
Result: ERROR
Flavor: r-release-windows-x86_64

Version: 0.1.2
Check: for unstated dependencies in vignettes
Result: NOTE Error: inferior call failed Execution halted Flavor: r-release-windows-x86_64

Version: 0.1.2
Check: HTML version of manual
Result: FAIL
Flavor: r-release-windows-x86_64