Last updated on 2023-11-30 22:58:56 CET.
Flavor | Version | Tinstall | Tcheck | Ttotal | Status | Flags |
---|---|---|---|---|---|---|
r-devel-linux-x86_64-debian-clang | 0.4-2 | 9.65 | 69.97 | 79.62 | NOTE | |
r-devel-linux-x86_64-debian-gcc | 0.4-2 | 10.64 | 54.80 | 65.44 | NOTE | |
r-devel-linux-x86_64-fedora-clang | 0.4-2 | 100.93 | OK | |||
r-devel-linux-x86_64-fedora-gcc | 0.4-2 | 98.92 | OK | |||
r-devel-windows-x86_64 | 0.4-2 | 14.00 | 102.00 | 116.00 | OK | |
r-patched-linux-x86_64 | 0.4-2 | 21.56 | 68.16 | 89.72 | OK | |
r-release-linux-x86_64 | 0.4-2 | 9.57 | 69.86 | 79.43 | OK | |
r-release-macos-arm64 | 0.4-2 | 38.00 | OK | |||
r-release-macos-x86_64 | 0.4-2 | 58.00 | OK | |||
r-release-windows-x86_64 | 0.4-2 | 17.00 | 117.00 | 134.00 | OK | |
r-oldrel-macos-arm64 | 0.4-2 | 31.00 | OK | |||
r-oldrel-macos-x86_64 | 0.4-2 | 44.00 | OK | |||
r-oldrel-windows-x86_64 | 0.4-2 | 18.00 | 116.00 | 134.00 | OK |
Version: 0.4-2
Check: Rd files
Result: NOTE
checkRd: (-1) OCC1950.Rd:64: Lost braces
64 | \doi{10.18128/D010.V10.0}{IPUMS USA: Version 10.0 [dataset]. Minneapolis, MN: IPUMS}.
| ^
checkRd: (-1) Oil.Rd:45: Lost braces
45 | code{pt-pt-1} on a constant
| ^
checkRd: (-1) breaches.Rd:70-74: Lost braces
70 | \code{breach_end}{
| ^
checkRd: (-1) breaches.Rd:75-78: Lost braces
75 | \code{year}{
| ^
checkRd: (-1) nuclearWeaponStates.Rd:82-92: Lost braces in \itemize; meant \describe ?
checkRd: (-1) nuclearWeaponStates.Rd:93-103: Lost braces in \itemize; meant \describe ?
checkRd: (-1) nuclearWeaponStates.Rd:104-127: Lost braces in \itemize; meant \describe ?
checkRd: (-1) nuclearWeaponStates.Rd:128-140: Lost braces in \itemize; meant \describe ?
checkRd: (-1) nuclearWeaponStates.Rd:141-150: Lost braces in \itemize; meant \describe ?
checkRd: (-1) nuclearWeaponStates.Rd:151-161: Lost braces in \itemize; meant \describe ?
checkRd: (-1) nuclearWeaponStates.Rd:162-172: Lost braces in \itemize; meant \describe ?
checkRd: (-1) nuclearWeaponStates.Rd:173-191: Lost braces in \itemize; meant \describe ?
checkRd: (-1) nuclearWeaponStates.Rd:192-219: Lost braces in \itemize; meant \describe ?
Flavors: r-devel-linux-x86_64-debian-clang, r-devel-linux-x86_64-debian-gcc