CRAN Package Check Results for Package EcoDiet

Last updated on 2024-02-23 23:10:04 CET.

Flavor Version Tinstall Tcheck Ttotal Status Flags
r-devel-linux-x86_64-debian-clang 2.0.0 OK
r-devel-linux-x86_64-debian-gcc 2.0.0 5.77 133.64 139.41 OK
r-devel-linux-x86_64-fedora-clang 2.0.0 257.96 ERROR
r-devel-linux-x86_64-fedora-gcc 2.0.0 229.24 ERROR
r-devel-windows-x86_64 2.0.0 8.00 170.00 178.00 OK
r-patched-linux-x86_64 2.0.0 7.78 181.12 188.90 OK
r-release-linux-x86_64 2.0.0 6.65 177.56 184.21 OK
r-release-macos-arm64 2.0.0 98.00 OK
r-release-macos-x86_64 2.0.0 153.00 OK
r-release-windows-x86_64 2.0.0 10.00 195.00 205.00 OK
r-oldrel-macos-arm64 2.0.0 94.00 OK
r-oldrel-windows-x86_64 2.0.0 10.00 202.00 212.00 OK

Check Details

Version: 2.0.0
Check: re-building of vignette outputs
Result: ERROR Error(s) in re-building vignettes: --- re-building ‘convergence_problems.Rmd’ using rmarkdown --- finished re-building ‘convergence_problems.Rmd’ --- re-building ‘introduction_EcoDiet.Rmd’ using rmarkdown Quitting from lines 373-374 [unnamed-chunk-35] (introduction_EcoDiet.Rmd) Error: processing vignette 'introduction_EcoDiet.Rmd' failed with diagnostics: The `legend.byrow` theme element must be a <logical> object. --- failed re-building ‘introduction_EcoDiet.Rmd’ --- re-building ‘realistic_example.Rmd’ using rmarkdown --- finished re-building ‘realistic_example.Rmd’ SUMMARY: processing the following file failed: ‘introduction_EcoDiet.Rmd’ Error: Vignette re-building failed. Execution halted Flavors: r-devel-linux-x86_64-fedora-clang, r-devel-linux-x86_64-fedora-gcc