CRAN Package Check Results for Package EcoEnsemble

Last updated on 2024-06-13 22:49:25 CEST.

Flavor Version Tinstall Tcheck Ttotal Status Flags
r-devel-linux-x86_64-debian-clang 1.0.5 1025.96 251.37 1277.33 OK
r-devel-linux-x86_64-debian-gcc 1.0.5 0.41 1.90 2.31 ERROR
r-devel-linux-x86_64-fedora-clang 1.0.5 1481.81 NOTE
r-devel-linux-x86_64-fedora-gcc 1.0.5 2059.26 NOTE
r-devel-windows-x86_64 1.0.5 730.00 259.00 989.00 NOTE
r-patched-linux-x86_64 1.0.5 732.14 302.78 1034.92 OK
r-release-linux-x86_64 1.0.5 0.02 3.00 3.02 ERROR
r-release-macos-arm64 1.0.5 375.00 NOTE
r-release-macos-x86_64 1.0.5 344.00 NOTE
r-release-windows-x86_64 1.0.5 714.00 159.00 873.00 FAIL
r-oldrel-macos-arm64 1.0.5 515.00 NOTE
r-oldrel-macos-x86_64 1.0.5 762.00 NOTE
r-oldrel-windows-x86_64 1.0.5 985.00 339.00 1324.00 NOTE

Check Details

Version: 1.0.5
Check: package dependencies
Result: ERROR Packages required but not available: 'rstan', 'dplyr', 'ggplot2', 'reshape2', 'tibble', 'cowplot' Package suggested but not available for checking: ‘testthat’ See section ‘The DESCRIPTION file’ in the ‘Writing R Extensions’ manual. Flavor: r-devel-linux-x86_64-debian-gcc

Version: 1.0.5
Check: installed package size
Result: NOTE installed size is 9.1Mb sub-directories of 1Mb or more: libs 8.0Mb Flavors: r-devel-linux-x86_64-fedora-clang, r-devel-windows-x86_64, r-release-macos-arm64, r-release-macos-x86_64, r-release-windows-x86_64, r-oldrel-macos-arm64, r-oldrel-macos-x86_64, r-oldrel-windows-x86_64

Version: 1.0.5
Check: dependencies in R code
Result: NOTE Namespaces in Imports field not imported from: ‘RcppParallel’ ‘rstantools’ All declared Imports should be used. Flavors: r-devel-linux-x86_64-fedora-clang, r-devel-linux-x86_64-fedora-gcc

Version: 1.0.5
Check: for GNU extensions in Makefiles
Result: NOTE GNU make is a SystemRequirements. Flavors: r-devel-linux-x86_64-fedora-clang, r-devel-linux-x86_64-fedora-gcc, r-release-macos-arm64, r-release-macos-x86_64, r-oldrel-macos-arm64, r-oldrel-macos-x86_64

Version: 1.0.5
Check: whether package can be installed
Result: ERROR Installation failed. Flavor: r-release-linux-x86_64

Version: 1.0.5
Check: loading without being on the library search path
Result: WARN InternalError: out of memory Error: package or namespace load failed for 'EcoEnsemble': .onLoad failed in loadNamespace() for 'rstan', details: call: NULL error: Evaluating JS code failed, see message above! Execution halted It looks like this package has a loading problem when not on .libPaths: see the messages for details. Flavor: r-release-windows-x86_64

Version: 1.0.5
Check: replacement functions
Result: WARN Error: unable to load shared object 'D:/RCompile/CRANpkg/lib/4.4/EcoEnsemble/libs/x64/EcoEnsemble.dll': LoadLibrary failure: Eine DLL-Initialisierungsroutine ist fehlgeschlagen. Call sequence: 4: inDL(x, as.logical(local), as.logical(now), ...) 3: dyn.load(file, DLLpath = DLLpath, ...) 2: library.dynam(lib, package, package.lib) 1: loadNamespace(package, lib.loc) Execution halted The argument of a replacement function which corresponds to the right hand side must be named 'value'. Flavor: r-release-windows-x86_64

Version: 1.0.5
Check: foreign function calls
Result: NOTE Error: .onLoad failed in loadNamespace() for 'rstan', details: call: paste(str, collapse = "\n") error: could not allocate memory (0 Mb) in C function 'R_AllocStringBuffer' Call sequence: 6: stop(gettextf("%s failed in %s() for '%s', details:\n call: %s\n error: %s", hookname, "loadNamespace", pkgname, deparse(conditionCall(res))[1L], conditionMessage(res)), call. = FALSE, domain = NA) 5: runHook(".onLoad", env, package.lib, package) 4: loadNamespace(j <- i[[1L]], c(lib.loc, .libPaths()), versionCheck = vI[[j]]) 3: asNamespace(ns) 2: namespaceImportFrom(ns, loadNamespace(j <- i[[1L]], c(lib.loc, .libPaths()), versionCheck = vI[[j]]), i[[2L]], from = package) 1: loadNamespace(package, lib.loc) Execution halted See chapter 'System and foreign language interfaces' in the 'Writing R Extensions' manual. Flavor: r-release-windows-x86_64

Version: 1.0.5
Check: R code for possible problems
Result: NOTE Error in readRDS(mapfile) : error reading from connection During startup - Warning message: package "methods" in options("defaultPackages") was not found Error in readRDS(nsInfoFilePath) : error reading from connection Calls: getNamespace -> %||% -> loadNamespace -> readRDS Execution halted Flavor: r-release-windows-x86_64

Version: 1.0.5
Check: files in ‘vignettes’
Result: FAIL
Flavor: r-release-windows-x86_64