CRAN Package Check Results for Package EcotoneFinder

Last updated on 2021-05-17 22:56:22 CEST.

Flavor Version Tinstall Tcheck Ttotal Status Flags
r-devel-linux-x86_64-debian-clang 0.2.3 5.96 106.00 111.96 NOTE
r-devel-linux-x86_64-debian-gcc 0.2.3 4.24 79.28 83.52 NOTE
r-devel-linux-x86_64-fedora-clang 0.2.3 138.44 NOTE
r-devel-linux-x86_64-fedora-gcc 0.2.3 131.12 NOTE
r-devel-windows-ix86+x86_64 0.2.3 12.00 149.00 161.00 NOTE
r-devel-windows-x86_64-gcc10-UCRT 0.2.3 NOTE
r-patched-linux-x86_64 0.2.3 5.49 101.27 106.76 NOTE
r-patched-solaris-x86 0.2.3 163.00 NOTE
r-release-linux-x86_64 0.2.3 4.50 100.32 104.82 OK
r-release-macos-x86_64 0.2.3 NOTE
r-release-windows-ix86+x86_64 0.2.3 7.00 107.00 114.00 OK
r-oldrel-macos-x86_64 0.2.3 NOTE
r-oldrel-windows-ix86+x86_64 0.2.3 6.00 126.00 132.00 OK

Check Details

Version: 0.2.3
Check: LazyData
Result: NOTE
     'LazyData' is specified without a 'data' directory
Flavors: r-devel-linux-x86_64-debian-clang, r-devel-linux-x86_64-debian-gcc, r-devel-linux-x86_64-fedora-clang, r-devel-linux-x86_64-fedora-gcc, r-devel-windows-ix86+x86_64, r-devel-windows-x86_64-gcc10-UCRT, r-patched-linux-x86_64, r-patched-solaris-x86

Version: 0.2.3
Check: dependencies in R code
Result: NOTE
    Namespaces in Imports field not imported from:
     ‘Rmisc’ ‘rlang’
     All declared Imports should be used.
Flavors: r-devel-linux-x86_64-fedora-clang, r-devel-linux-x86_64-fedora-gcc, r-devel-windows-x86_64-gcc10-UCRT, r-patched-solaris-x86, r-release-macos-x86_64, r-oldrel-macos-x86_64